CRAN Package Check Results for Package morgenstemning

Last updated on 2018-07-17 01:47:10 CEST.

Flavor Version Tinstall Tcheck Ttotal Status Flags
r-devel-linux-x86_64-debian-clang 1.0 1.18 18.43 19.61 NOTE
r-devel-linux-x86_64-debian-gcc 1.0 0.82 15.34 16.16 NOTE
r-devel-linux-x86_64-fedora-clang 1.0 24.03 NOTE
r-devel-linux-x86_64-fedora-gcc 1.0 25.18 NOTE
r-devel-windows-ix86+x86_64 1.0 4.00 44.00 48.00 NOTE
r-patched-linux-x86_64 1.0 1.07 17.98 19.05 NOTE
r-patched-solaris-x86 1.0 42.30 NOTE
r-release-linux-x86_64 1.0 1.00 18.11 19.11 NOTE
r-release-windows-ix86+x86_64 1.0 4.00 41.00 45.00 NOTE
r-release-osx-x86_64 1.0 NOTE
r-oldrel-windows-ix86+x86_64 1.0 2.00 44.00 46.00 NOTE
r-oldrel-osx-x86_64 1.0 NOTE

Check Details

Version: 1.0
Check: R code for possible problems
Result: NOTE
    ametrine : <anonymous>: no visible global function definition for
     ‘approx’
    ametrine: no visible global function definition for ‘rgb’
    isolum : <anonymous>: no visible global function definition for
     ‘approx’
    isolum: no visible global function definition for ‘rgb’
    morgenstemning : <anonymous>: no visible global function definition for
     ‘approx’
    morgenstemning: no visible global function definition for ‘rgb’
    Undefined global functions or variables:
     approx rgb
    Consider adding
     importFrom("grDevices", "rgb")
     importFrom("stats", "approx")
    to your NAMESPACE file.
Flavors: r-devel-linux-x86_64-debian-clang, r-devel-linux-x86_64-debian-gcc, r-devel-linux-x86_64-fedora-clang, r-devel-linux-x86_64-fedora-gcc, r-devel-windows-ix86+x86_64, r-patched-linux-x86_64, r-patched-solaris-x86, r-release-linux-x86_64, r-release-windows-ix86+x86_64, r-release-osx-x86_64, r-oldrel-windows-ix86+x86_64, r-oldrel-osx-x86_64