CRAN Package Check Results for Package mosaicModel

Last updated on 2018-07-17 01:47:11 CEST.

Flavor Version Tinstall Tcheck Ttotal Status Flags
r-devel-linux-x86_64-debian-clang 0.3.0 4.68 68.77 73.45 OK
r-devel-linux-x86_64-debian-gcc 0.3.0 4.21 58.74 62.95 OK
r-devel-linux-x86_64-fedora-clang 0.3.0 95.15 NOTE
r-devel-linux-x86_64-fedora-gcc 0.3.0 99.56 NOTE
r-devel-windows-ix86+x86_64 0.3.0 16.00 118.00 134.00 OK
r-patched-linux-x86_64 0.3.0 3.54 68.89 72.43 OK
r-patched-solaris-x86 0.3.0 137.20 NOTE
r-release-linux-x86_64 0.3.0 5.08 68.49 73.57 OK
r-release-windows-ix86+x86_64 0.3.0 15.00 87.00 102.00 OK
r-release-osx-x86_64 0.3.0 NOTE
r-oldrel-windows-ix86+x86_64 0.3.0 11.00 94.00 105.00 OK
r-oldrel-osx-x86_64 0.3.0 NOTE

Check Details

Version: 0.3.0
Check: dependencies in R code
Result: NOTE
    Namespaces in Imports field not imported from:
     ‘MASS’ ‘caret’ ‘ggformula’ ‘knitr’ ‘testthat’ ‘tidyverse’
     All declared Imports should be used.
Flavors: r-devel-linux-x86_64-fedora-clang, r-devel-linux-x86_64-fedora-gcc, r-patched-solaris-x86, r-release-osx-x86_64, r-oldrel-osx-x86_64