CRAN Package Check Results for Package moveWindSpeed

Last updated on 2018-07-17 01:47:11 CEST.

Flavor Version Tinstall Tcheck Ttotal Status Flags
r-devel-linux-x86_64-debian-clang 0.2.1 16.62 260.36 276.98 NOTE
r-devel-linux-x86_64-debian-gcc 0.2.1 16.36 225.00 241.36 NOTE
r-devel-linux-x86_64-fedora-clang 0.2.1 388.60 NOTE
r-devel-linux-x86_64-fedora-gcc 0.2.1 384.34 NOTE
r-devel-windows-ix86+x86_64 0.2.1 45.00 336.00 381.00 OK
r-patched-linux-x86_64 0.2.1 18.30 283.75 302.05 NOTE
r-patched-solaris-x86 0.2.1 593.50 OK
r-release-linux-x86_64 0.2.1 18.88 286.60 305.48 NOTE
r-release-windows-ix86+x86_64 0.2.1 42.00 256.00 298.00 OK
r-release-osx-x86_64 0.2.1 OK
r-oldrel-windows-ix86+x86_64 0.2.1 34.00 348.00 382.00 OK
r-oldrel-osx-x86_64 0.2.1 OK

Check Details

Version: 0.2.1
Check: compiled code
Result: NOTE
    File ‘moveWindSpeed/libs/moveWindSpeed.so’:
     Found no calls to: ‘R_registerRoutines’, ‘R_useDynamicSymbols’
    
    It is good practice to register native routines and to disable symbol
    search.
    
    See ‘Writing portable packages’ in the ‘Writing R Extensions’ manual.
Flavors: r-devel-linux-x86_64-debian-clang, r-devel-linux-x86_64-debian-gcc, r-devel-linux-x86_64-fedora-clang, r-devel-linux-x86_64-fedora-gcc, r-patched-linux-x86_64, r-release-linux-x86_64