Last updated on 2018-07-17 01:47:11 CEST.
Flavor | Version | Tinstall | Tcheck | Ttotal | Status | Flags |
---|---|---|---|---|---|---|
r-devel-linux-x86_64-debian-clang | 3.1 | 15.89 | 121.20 | 137.09 | OK | |
r-devel-linux-x86_64-debian-gcc | 3.1 | 11.40 | 104.52 | 115.92 | OK | |
r-devel-linux-x86_64-fedora-clang | 3.1 | 167.69 | OK | |||
r-devel-linux-x86_64-fedora-gcc | 3.1 | 175.34 | OK | |||
r-devel-windows-ix86+x86_64 | 3.1 | 32.00 | 138.00 | 170.00 | WARN | |
r-patched-linux-x86_64 | 3.1 | 12.80 | 117.49 | 130.29 | OK | |
r-patched-solaris-x86 | 3.1 | 258.00 | NOTE | |||
r-release-linux-x86_64 | 3.1 | 12.96 | 117.53 | 130.49 | OK | |
r-release-windows-ix86+x86_64 | 3.1 | 36.00 | 187.00 | 223.00 | OK | |
r-release-osx-x86_64 | 3.1 | OK | ||||
r-oldrel-windows-ix86+x86_64 | 3.1 | 14.00 | 128.00 | 142.00 | OK | |
r-oldrel-osx-x86_64 | 3.1 | OK |
Version: 3.1
Check: whether package can be installed
Result: WARN
Found the following significant warnings:
Warning: S3 methods '[.fun_list', '[.grouped_df', 'all.equal.tbl_df', 'anti_join.data.frame', 'anti_join.tbl_df', 'arrange.data.frame', 'arrange.default', 'arrange.grouped_df', 'arrange.tbl_df', 'arrange_.data.frame', 'arrange_.tbl_df', 'as.data.frame.grouped_df', 'as.data.frame.rowwise_df', 'as.data.frame.tbl_cube', 'as.data.frame.tbl_df', 'as.table.tbl_cube', 'as.tbl.data.frame', 'as.tbl.tbl', 'as.tbl_cube.array', 'as.tbl_cube.data.frame', 'as.tbl_cube.matrix', 'as.tbl_cube.table', 'as_data_frame.grouped_df', 'as_data_frame.tbl_cube', 'auto_copy.tbl_cube', 'auto_copy.tbl_df', 'cbind.grouped_df', 'collapse.data.frame', 'collect.data.frame', 'common_by.NULL', 'common_by.character', 'common_by.default', 'common_by.list', 'compute.data.frame', 'copy_to.DBIConnection', 'copy_to.src_local', 'default_missing.data.frame', 'default_missing.default', 'dim.tbl_cube', 'distinct.data.frame', 'distinct.default', 'distinct.grouped_df', 'distinct.tbl_df', 'distinct_.data.frame', 'distinct_.grouped_df', 'dist [... truncated]
Flavor: r-devel-windows-ix86+x86_64
Version: 3.1
Check: installed package size
Result: NOTE
installed size is 5.1Mb
sub-directories of 1Mb or more:
extdata 3.8Mb
Flavor: r-patched-solaris-x86