Last updated on 2018-07-17 01:47:11 CEST.
Flavor | Version | Tinstall | Tcheck | Ttotal | Status | Flags |
---|---|---|---|---|---|---|
r-devel-linux-x86_64-debian-clang | 0.1-11.1 | 1.43 | 16.65 | 18.08 | NOTE | |
r-devel-linux-x86_64-debian-gcc | 0.1-11.1 | 1.27 | 14.87 | 16.14 | NOTE | |
r-devel-linux-x86_64-fedora-clang | 0.1-11.1 | 23.14 | NOTE | |||
r-devel-linux-x86_64-fedora-gcc | 0.1-11.1 | 22.54 | NOTE | |||
r-devel-windows-ix86+x86_64 | 0.1-11.1 | 7.00 | 37.00 | 44.00 | OK | |
r-patched-linux-x86_64 | 0.1-11.1 | 1.26 | 17.49 | 18.75 | NOTE | |
r-patched-solaris-x86 | 0.1-11.1 | 37.40 | OK | |||
r-release-linux-x86_64 | 0.1-11.1 | 1.53 | 17.52 | 19.05 | NOTE | |
r-release-windows-ix86+x86_64 | 0.1-11.1 | 9.00 | 42.00 | 51.00 | OK | |
r-release-osx-x86_64 | 0.1-11.1 | OK | ||||
r-oldrel-windows-ix86+x86_64 | 0.1-11.1 | 9.00 | 41.00 | 50.00 | OK | |
r-oldrel-osx-x86_64 | 0.1-11.1 | OK |
Version: 0.1-11.1
Check: compiled code
Result: NOTE
File ‘mvnmle/libs/mvnmle.so’:
Found no calls to: ‘R_registerRoutines’, ‘R_useDynamicSymbols’
It is good practice to register native routines and to disable symbol
search.
See ‘Writing portable packages’ in the ‘Writing R Extensions’ manual.
Flavors: r-devel-linux-x86_64-debian-clang, r-devel-linux-x86_64-debian-gcc, r-devel-linux-x86_64-fedora-clang, r-devel-linux-x86_64-fedora-gcc, r-patched-linux-x86_64, r-release-linux-x86_64