Last updated on 2018-07-17 01:47:12 CEST.
Flavor | Version | Tinstall | Tcheck | Ttotal | Status | Flags |
---|---|---|---|---|---|---|
r-devel-linux-x86_64-debian-clang | 1.0.4 | 4.87 | 32.23 | 37.10 | NOTE | |
r-devel-linux-x86_64-debian-gcc | 1.0.4 | 3.73 | 28.02 | 31.75 | NOTE | |
r-devel-linux-x86_64-fedora-clang | 1.0.4 | 48.04 | NOTE | |||
r-devel-linux-x86_64-fedora-gcc | 1.0.4 | 48.06 | NOTE | |||
r-devel-windows-ix86+x86_64 | 1.0.4 | 20.00 | 89.00 | 109.00 | OK | |
r-patched-linux-x86_64 | 1.0.4 | 4.75 | 34.54 | 39.29 | NOTE | |
r-patched-solaris-x86 | 1.0.4 | 210.50 | OK | |||
r-release-linux-x86_64 | 1.0.4 | 4.60 | 34.53 | 39.13 | NOTE | |
r-release-windows-ix86+x86_64 | 1.0.4 | 16.00 | 89.00 | 105.00 | OK | |
r-release-osx-x86_64 | 1.0.4 | OK | ||||
r-oldrel-windows-ix86+x86_64 | 1.0.4 | 11.00 | 90.00 | 101.00 | OK | |
r-oldrel-osx-x86_64 | 1.0.4 | OK |
Version: 1.0.4
Check: compiled code
Result: NOTE
File ‘nloptr/libs/nloptr.so’:
Found no calls to: ‘R_registerRoutines’, ‘R_useDynamicSymbols’
It is good practice to register native routines and to disable symbol
search.
See ‘Writing portable packages’ in the ‘Writing R Extensions’ manual.
Flavors: r-devel-linux-x86_64-debian-clang, r-devel-linux-x86_64-debian-gcc, r-devel-linux-x86_64-fedora-clang, r-devel-linux-x86_64-fedora-gcc, r-patched-linux-x86_64, r-release-linux-x86_64