CRAN Package Check Results for Package odk

Last updated on 2018-07-17 01:47:12 CEST.

Flavor Version Tinstall Tcheck Ttotal Status Flags
r-devel-linux-x86_64-debian-clang 1.5 1.48 24.77 26.25 NOTE
r-devel-linux-x86_64-debian-gcc 1.5 1.45 22.67 24.12 NOTE
r-devel-linux-x86_64-fedora-clang 1.5 32.13 NOTE
r-devel-linux-x86_64-fedora-gcc 1.5 33.94 NOTE
r-devel-windows-ix86+x86_64 1.5 5.00 62.00 67.00 OK
r-patched-linux-x86_64 1.5 2.08 26.34 28.42 NOTE
r-patched-solaris-x86 1.5 54.30 OK
r-release-linux-x86_64 1.5 2.01 26.59 28.60 NOTE
r-release-windows-ix86+x86_64 1.5 6.00 58.00 64.00 OK
r-release-osx-x86_64 1.5 OK
r-oldrel-windows-ix86+x86_64 1.5 4.00 57.00 61.00 OK
r-oldrel-osx-x86_64 1.5 OK

Check Details

Version: 1.5
Check: DESCRIPTION meta-information
Result: NOTE
    Dependence on R version ‘3.4.1’ not with patchlevel 0
Flavors: r-devel-linux-x86_64-debian-clang, r-devel-linux-x86_64-debian-gcc, r-devel-linux-x86_64-fedora-clang, r-devel-linux-x86_64-fedora-gcc, r-patched-linux-x86_64, r-release-linux-x86_64