CRAN Package Check Results for Package officer

Last updated on 2018-07-17 01:47:12 CEST.

Flavor Version Tinstall Tcheck Ttotal Status Flags
r-devel-linux-x86_64-debian-clang 0.3.1 77.56 72.29 149.85 OK
r-devel-linux-x86_64-debian-gcc 0.3.1 63.58 62.97 126.55 OK
r-devel-linux-x86_64-fedora-clang 0.3.1 219.10 OK
r-devel-linux-x86_64-fedora-gcc 0.3.1 204.08 OK
r-devel-windows-ix86+x86_64 0.3.1 193.00 154.00 347.00 OK
r-patched-linux-x86_64 0.3.1 81.73 78.32 160.05 OK
r-patched-solaris-x86 0.3.1 209.40 OK
r-release-linux-x86_64 0.3.1 85.95 79.19 165.14 OK
r-release-windows-ix86+x86_64 0.3.1 204.00 237.00 441.00 OK
r-release-osx-x86_64 0.3.1 ERROR
r-oldrel-windows-ix86+x86_64 0.3.1 122.00 158.00 280.00 OK
r-oldrel-osx-x86_64 0.3.1 ERROR

Check Details

Version: 0.3.1
Check: tests
Result: ERROR
     Running ‘testthat.R’ [12s/12s]
    Running the tests in ‘tests/testthat.R’ failed.
    Last 13 lines of output:
     + library(officer)
     + library(magrittr)
     + library(xml2)
     + })
     >
     > test_check("officer")
     ── 1. Failure: test filename with accent (@test-zip.R#30) ─────────────────────
     "filenameäüöß.pptx" %in% list.files(tempdir(), pattern = "^filename.*\\.pptx$") isn't true.
    
     ══ testthat results ═══════════════════════════════════════════════════════════
     OK: 457 SKIPPED: 1 FAILED: 1
     1. Failure: test filename with accent (@test-zip.R#30)
    
     Error: testthat unit tests failed
     Execution halted
Flavor: r-release-osx-x86_64

Version: 0.3.1
Check: tests
Result: ERROR
     Running ‘testthat.R’ [14s/14s]
    Running the tests in ‘tests/testthat.R’ failed.
    Last 13 lines of output:
     + library(officer)
     + library(magrittr)
     + library(xml2)
     + })
     >
     > test_check("officer")
     ── 1. Failure: test filename with accent (@test-zip.R#30) ─────────────────────
     "filenameäüöß.pptx" %in% list.files(tempdir(), pattern = "^filename.*\\.pptx$") isn't true.
    
     ══ testthat results ═══════════════════════════════════════════════════════════
     OK: 457 SKIPPED: 1 FAILED: 1
     1. Failure: test filename with accent (@test-zip.R#30)
    
     Error: testthat unit tests failed
     Execution halted
Flavor: r-oldrel-osx-x86_64