CRAN Package Check Results for Package onemap

Last updated on 2018-07-17 01:47:12 CEST.

Flavor Version Tinstall Tcheck Ttotal Status Flags
r-devel-linux-x86_64-debian-clang 2.1.1 79.59 88.92 168.51 OK --no-vignettes
r-devel-linux-x86_64-debian-gcc 2.1.1 65.74 72.93 138.67 OK --no-vignettes
r-devel-linux-x86_64-fedora-clang 2.1.1 226.01 NOTE --no-vignettes
r-devel-linux-x86_64-fedora-gcc 2.1.1 220.30 NOTE --no-vignettes
r-devel-windows-ix86+x86_64 2.1.1 200.00 605.00 805.00 OK
r-patched-linux-x86_64 2.1.1 82.34 85.84 168.18 OK --no-vignettes
r-patched-solaris-x86 2.1.1 231.50 NOTE --no-vignettes
r-release-linux-x86_64 2.1.1 85.30 86.46 171.76 OK --no-vignettes
r-release-windows-ix86+x86_64 2.1.1 207.00 814.00 1021.00 OK
r-release-osx-x86_64 2.1.1 FAIL
r-oldrel-windows-ix86+x86_64 2.1.1 129.00 818.00 947.00 OK
r-oldrel-osx-x86_64 2.1.1 FAIL

Check Details

Version: 2.1.1
Flags: --no-vignettes
Check: dependencies in R code
Result: NOTE
    Namespace in Imports field not imported from: ‘maps’
     All declared Imports should be used.
Flavors: r-devel-linux-x86_64-fedora-clang, r-devel-linux-x86_64-fedora-gcc, r-patched-solaris-x86

Version: 2.1.1
Check: dependencies in R code
Result: NOTE
    Namespace in Imports field not imported from: ‘maps’
     All declared Imports should be used.
Flavors: r-release-osx-x86_64, r-oldrel-osx-x86_64

Version: 2.1.1
Check: re-building of vignette outputs
Result: FAIL
    
Flavors: r-release-osx-x86_64, r-oldrel-osx-x86_64

Version: 2.1.1
Check: whether package can be installed
Result: WARN
    Found the following significant warnings:
     Warning: loading Rplot failed
Flavor: r-oldrel-osx-x86_64