CRAN Package Check Results for Package opendotaR

Last updated on 2018-07-17 01:47:13 CEST.

Flavor Version Tinstall Tcheck Ttotal Status Flags
r-devel-linux-x86_64-debian-clang 0.1.4 0.95 16.10 17.05 OK
r-devel-linux-x86_64-debian-gcc 0.1.4 0.79 14.19 14.98 OK
r-devel-linux-x86_64-fedora-clang 0.1.4 21.56 NOTE
r-devel-linux-x86_64-fedora-gcc 0.1.4 20.08 NOTE
r-devel-windows-ix86+x86_64 0.1.4 3.00 28.00 31.00 OK
r-patched-linux-x86_64 0.1.4 0.88 16.52 17.40 OK
r-patched-solaris-x86 0.1.4 33.90 NOTE
r-release-linux-x86_64 0.1.4 0.79 16.57 17.36 OK
r-release-windows-ix86+x86_64 0.1.4 4.00 40.00 44.00 OK
r-release-osx-x86_64 0.1.4 NOTE
r-oldrel-windows-ix86+x86_64 0.1.4 2.00 39.00 41.00 OK
r-oldrel-osx-x86_64 0.1.4 NOTE

Check Details

Version: 0.1.4
Check: dependencies in R code
Result: NOTE
    Namespace in Imports field not imported from: ‘dplyr’
     All declared Imports should be used.
Flavors: r-devel-linux-x86_64-fedora-clang, r-devel-linux-x86_64-fedora-gcc, r-patched-solaris-x86, r-release-osx-x86_64, r-oldrel-osx-x86_64