CRAN Package Check Results for Package pbivnorm

Last updated on 2018-07-17 01:47:13 CEST.

Flavor Version Tinstall Tcheck Ttotal Status Flags
r-devel-linux-x86_64-debian-clang 0.6.0 1.37 13.89 15.26 NOTE
r-devel-linux-x86_64-debian-gcc 0.6.0 1.07 12.77 13.84 NOTE
r-devel-linux-x86_64-fedora-clang 0.6.0 20.47 NOTE
r-devel-linux-x86_64-fedora-gcc 0.6.0 19.02 NOTE
r-devel-windows-ix86+x86_64 0.6.0 9.00 34.00 43.00 OK
r-patched-linux-x86_64 0.6.0 1.30 14.61 15.91 NOTE
r-patched-solaris-x86 0.6.0 31.20 OK
r-release-linux-x86_64 0.6.0 1.45 14.90 16.35 NOTE
r-release-windows-ix86+x86_64 0.6.0 10.00 35.00 45.00 OK
r-release-osx-x86_64 0.6.0 OK
r-oldrel-windows-ix86+x86_64 0.6.0 5.00 25.00 30.00 OK
r-oldrel-osx-x86_64 0.6.0 OK

Check Details

Version: 0.6.0
Check: compiled code
Result: NOTE
    File ‘pbivnorm/libs/pbivnorm.so’:
     Found no calls to: ‘R_registerRoutines’, ‘R_useDynamicSymbols’
    
    It is good practice to register native routines and to disable symbol
    search.
    
    See ‘Writing portable packages’ in the ‘Writing R Extensions’ manual.
Flavors: r-devel-linux-x86_64-debian-clang, r-devel-linux-x86_64-debian-gcc, r-devel-linux-x86_64-fedora-clang, r-devel-linux-x86_64-fedora-gcc, r-patched-linux-x86_64, r-release-linux-x86_64