Last updated on 2018-07-17 01:47:13 CEST.
Flavor | Version | Tinstall | Tcheck | Ttotal | Status | Flags |
---|---|---|---|---|---|---|
r-devel-linux-x86_64-debian-clang | 2.0.2 | 7.23 | 92.12 | 99.35 | NOTE | |
r-devel-linux-x86_64-debian-gcc | 2.0.2 | 6.08 | 83.09 | 89.17 | NOTE | |
r-devel-linux-x86_64-fedora-clang | 2.0.2 | 129.85 | NOTE | |||
r-devel-linux-x86_64-fedora-gcc | 2.0.2 | 131.39 | NOTE | |||
r-devel-windows-ix86+x86_64 | 2.0.2 | 25.00 | 181.00 | 206.00 | OK | |
r-patched-linux-x86_64 | 2.0.2 | 6.69 | 89.43 | 96.12 | NOTE | |
r-patched-solaris-x86 | 2.0.2 | 189.60 | OK | |||
r-release-linux-x86_64 | 2.0.2 | 5.46 | 86.40 | 91.86 | NOTE | |
r-release-windows-ix86+x86_64 | 2.0.2 | 23.00 | 222.00 | 245.00 | OK | |
r-release-osx-x86_64 | 2.0.2 | OK | ||||
r-oldrel-windows-ix86+x86_64 | 2.0.2 | 17.00 | 183.00 | 200.00 | OK | |
r-oldrel-osx-x86_64 | 2.0.2 | OK |
Version: 2.0.2
Check: compiled code
Result: NOTE
File ‘pcaPA/libs/pcaPA.so’:
Found no calls to: ‘R_registerRoutines’, ‘R_useDynamicSymbols’
It is good practice to register native routines and to disable symbol
search.
See ‘Writing portable packages’ in the ‘Writing R Extensions’ manual.
Flavors: r-devel-linux-x86_64-debian-clang, r-devel-linux-x86_64-debian-gcc, r-devel-linux-x86_64-fedora-clang, r-devel-linux-x86_64-fedora-gcc, r-patched-linux-x86_64, r-release-linux-x86_64