Last updated on 2018-07-17 01:47:14 CEST.
Flavor | Version | Tinstall | Tcheck | Ttotal | Status | Flags |
---|---|---|---|---|---|---|
r-devel-linux-x86_64-debian-clang | 1.2.2 | 77.75 | 63.63 | 141.38 | OK | |
r-devel-linux-x86_64-debian-gcc | 1.2.2 | 63.46 | 54.59 | 118.05 | OK | |
r-devel-linux-x86_64-fedora-clang | 1.2.2 | 205.02 | NOTE | |||
r-devel-linux-x86_64-fedora-gcc | 1.2.2 | 200.59 | OK | |||
r-devel-windows-ix86+x86_64 | 1.2.2 | 199.00 | 162.00 | 361.00 | OK | |
r-patched-linux-x86_64 | 1.2.2 | 81.68 | 71.19 | 152.87 | OK | |
r-patched-solaris-x86 | 1.2.2 | 187.30 | OK | |||
r-release-linux-x86_64 | 1.2.2 | 79.34 | 69.45 | 148.79 | OK | |
r-release-windows-ix86+x86_64 | 1.2.2 | 204.00 | 158.00 | 362.00 | OK | |
r-release-osx-x86_64 | 1.2.2 | NOTE | ||||
r-oldrel-windows-ix86+x86_64 | 1.2.2 | 155.00 | 172.00 | 327.00 | OK | |
r-oldrel-osx-x86_64 | 1.2.2 | NOTE |
Version: 1.2.2
Check: installed package size
Result: NOTE
installed size is 6.2Mb
sub-directories of 1Mb or more:
libs 5.2Mb
Flavors: r-devel-linux-x86_64-fedora-clang, r-release-osx-x86_64, r-oldrel-osx-x86_64