CRAN Package Check Results for Package peRiodiCS

Last updated on 2018-07-17 01:47:14 CEST.

Flavor Version Tinstall Tcheck Ttotal Status Flags
r-devel-linux-x86_64-debian-clang 0.5.0 6.18 78.60 84.78 OK
r-devel-linux-x86_64-debian-gcc 0.5.0 5.20 66.92 72.12 OK
r-devel-linux-x86_64-fedora-clang 0.5.0 105.96 NOTE
r-devel-linux-x86_64-fedora-gcc 0.5.0 104.53 NOTE
r-devel-windows-ix86+x86_64 0.5.0 21.00 141.00 162.00 OK
r-patched-linux-x86_64 0.5.0 4.98 71.19 76.17 OK
r-patched-solaris-x86 0.5.0 129.00 NOTE
r-release-linux-x86_64 0.5.0 5.17 71.46 76.63 OK
r-release-windows-ix86+x86_64 0.5.0 19.00 111.00 130.00 OK
r-release-osx-x86_64 0.5.0 NOTE
r-oldrel-windows-ix86+x86_64 0.5.0 16.00 85.00 101.00 OK
r-oldrel-osx-x86_64 0.5.0 NOTE

Check Details

Version: 0.5.0
Check: dependencies in R code
Result: NOTE
    Namespace in Imports field not imported from: ‘rms’
     All declared Imports should be used.
Flavors: r-devel-linux-x86_64-fedora-clang, r-devel-linux-x86_64-fedora-gcc, r-patched-solaris-x86, r-release-osx-x86_64, r-oldrel-osx-x86_64