Last updated on 2018-07-17 01:47:14 CEST.
Flavor | Version | Tinstall | Tcheck | Ttotal | Status | Flags |
---|---|---|---|---|---|---|
r-devel-linux-x86_64-debian-clang | 1.0 | 27.88 | 25.27 | 53.15 | NOTE | |
r-devel-linux-x86_64-debian-gcc | 1.0 | 22.83 | 21.63 | 44.46 | NOTE | |
r-devel-linux-x86_64-fedora-clang | 1.0 | 75.15 | NOTE | |||
r-devel-linux-x86_64-fedora-gcc | 1.0 | 72.02 | NOTE | |||
r-devel-windows-ix86+x86_64 | 1.0 | 69.00 | 84.00 | 153.00 | OK | |
r-patched-linux-x86_64 | 1.0 | 28.91 | 25.93 | 54.84 | NOTE | |
r-patched-solaris-x86 | 1.0 | 78.50 | OK | |||
r-release-linux-x86_64 | 1.0 | 30.68 | 25.93 | 56.61 | NOTE | |
r-release-windows-ix86+x86_64 | 1.0 | 65.00 | 78.00 | 143.00 | OK | |
r-release-osx-x86_64 | 1.0 | OK | ||||
r-oldrel-windows-ix86+x86_64 | 1.0 | 50.00 | 79.00 | 129.00 | OK | |
r-oldrel-osx-x86_64 | 1.0 | OK |
Version: 1.0
Check: compiled code
Result: NOTE
File ‘perccal/libs/perccal.so’:
Found no calls to: ‘R_registerRoutines’, ‘R_useDynamicSymbols’
It is good practice to register native routines and to disable symbol
search.
See ‘Writing portable packages’ in the ‘Writing R Extensions’ manual.
Flavors: r-devel-linux-x86_64-debian-clang, r-devel-linux-x86_64-debian-gcc, r-devel-linux-x86_64-fedora-clang, r-devel-linux-x86_64-fedora-gcc, r-patched-linux-x86_64, r-release-linux-x86_64