Last updated on 2018-07-17 01:47:14 CEST.
Flavor | Version | Tinstall | Tcheck | Ttotal | Status | Flags |
---|---|---|---|---|---|---|
r-devel-linux-x86_64-debian-clang | 0.2.0 | 3.03 | 62.06 | 65.09 | NOTE | |
r-devel-linux-x86_64-debian-gcc | 0.2.0 | 3.46 | 52.56 | 56.02 | NOTE | |
r-devel-linux-x86_64-fedora-clang | 0.2.0 | 80.68 | NOTE | |||
r-devel-linux-x86_64-fedora-gcc | 0.2.0 | 77.80 | NOTE | |||
r-devel-windows-ix86+x86_64 | 0.2.0 | 12.00 | 111.00 | 123.00 | NOTE | |
r-patched-linux-x86_64 | 0.2.0 | 3.20 | 64.75 | 67.95 | NOTE | |
r-patched-solaris-x86 | 0.2.0 | 113.90 | NOTE | |||
r-release-linux-x86_64 | 0.2.0 | 3.35 | 64.98 | 68.33 | NOTE | |
r-release-windows-ix86+x86_64 | 0.2.0 | 14.00 | 99.00 | 113.00 | NOTE | |
r-release-osx-x86_64 | 0.2.0 | NOTE | ||||
r-oldrel-windows-ix86+x86_64 | 0.2.0 | 9.00 | 107.00 | 116.00 | NOTE | |
r-oldrel-osx-x86_64 | 0.2.0 | NOTE |
Version: 0.2.0
Check: R code for possible problems
Result: NOTE
hasMethod: no visible global function definition for ‘getS3method’
Undefined global functions or variables:
getS3method
Consider adding
importFrom("utils", "getS3method")
to your NAMESPACE file.
Flavors: r-devel-linux-x86_64-debian-clang, r-devel-linux-x86_64-debian-gcc, r-devel-linux-x86_64-fedora-clang, r-devel-linux-x86_64-fedora-gcc, r-devel-windows-ix86+x86_64, r-patched-linux-x86_64, r-patched-solaris-x86, r-release-linux-x86_64, r-release-windows-ix86+x86_64, r-release-osx-x86_64, r-oldrel-windows-ix86+x86_64, r-oldrel-osx-x86_64