Last updated on 2018-07-17 01:47:14 CEST.
Flavor | Version | Tinstall | Tcheck | Ttotal | Status | Flags |
---|---|---|---|---|---|---|
r-devel-linux-x86_64-debian-clang | 2.4.0 | 40.24 | 202.06 | 242.30 | OK | |
r-devel-linux-x86_64-debian-gcc | 2.4.0 | 36.01 | 174.19 | 210.20 | OK | |
r-devel-linux-x86_64-fedora-clang | 2.4.0 | 327.19 | OK | |||
r-devel-linux-x86_64-fedora-gcc | 2.4.0 | 323.76 | OK | |||
r-devel-windows-ix86+x86_64 | 2.4.0 | 104.00 | 270.00 | 374.00 | OK | |
r-patched-linux-x86_64 | 2.4.0 | 41.14 | 225.30 | 266.44 | OK | |
r-patched-solaris-x86 | 2.4.0 | 406.40 | OK | |||
r-release-linux-x86_64 | 2.4.0 | 46.28 | 220.09 | 266.37 | OK | |
r-release-windows-ix86+x86_64 | 2.4.0 | 111.00 | 376.00 | 487.00 | OK | |
r-release-osx-x86_64 | 2.4.0 | OK | ||||
r-oldrel-windows-ix86+x86_64 | 2.4.0 | 82.00 | 284.00 | 366.00 | OK | |
r-oldrel-osx-x86_64 | 2.4.0 | NOTE |
Version: 2.4.0
Check: package dependencies
Result: NOTE
Package suggested but not available for checking: ‘Biostrings’
Flavor: r-oldrel-osx-x86_64