CRAN Package Check Results for Package phylocanvas

Last updated on 2018-07-17 01:47:14 CEST.

Flavor Version Tinstall Tcheck Ttotal Status Flags
r-devel-linux-x86_64-debian-clang 0.1.3 5.56 61.48 67.04 OK
r-devel-linux-x86_64-debian-gcc 0.1.3 4.37 54.65 59.02 OK
r-devel-linux-x86_64-fedora-clang 0.1.3 84.86 OK
r-devel-linux-x86_64-fedora-gcc 0.1.3 82.14 OK
r-devel-windows-ix86+x86_64 0.1.3 18.00 76.00 94.00 OK
r-patched-linux-x86_64 0.1.3 4.53 58.50 63.03 NOTE
r-patched-solaris-x86 0.1.3 110.20 WARN
r-release-linux-x86_64 0.1.3 4.04 57.52 61.56 NOTE
r-release-windows-ix86+x86_64 0.1.3 14.00 103.00 117.00 OK
r-release-osx-x86_64 0.1.3 WARN
r-oldrel-windows-ix86+x86_64 0.1.3 9.00 119.00 128.00 OK
r-oldrel-osx-x86_64 0.1.3 WARN

Check Details

Version: 0.1.3
Check: DESCRIPTION meta-information
Result: NOTE
    Dependence on R version ‘3.3.1’ not with patchlevel 0
Flavors: r-patched-linux-x86_64, r-release-linux-x86_64

Version: 0.1.3
Check: re-building of vignette outputs
Result: WARN
    Error in re-building vignettes:
     ...
    Warning in engine$weave(file, quiet = quiet, encoding = enc) :
     Pandoc (>= 1.12.3) and/or pandoc-citeproc not available. Falling back to R Markdown v1.
    Quitting from lines 20-27 (Advanced_Usage.Rmd)
    Error: processing vignette 'Advanced_Usage.Rmd' failed with diagnostics:
    there is no package called 'webshot'
    Execution halted
Flavor: r-patched-solaris-x86

Version: 0.1.3
Check: re-building of vignette outputs
Result: WARN
    Error in re-building vignettes:
     ...
    Warning in engine$weave(file, quiet = quiet, encoding = enc) :
     Pandoc (>= 1.12.3) and/or pandoc-citeproc not available. Falling back to R Markdown v1.
    Warning in normalizePath(f2) :
     path[1]="./webshot19c9635f8145.png": No such file or directory
    Warning in file(con, "rb") :
     cannot open file './webshot19c9635f8145.png': No such file or directory
    Quitting from lines 20-27 (Advanced_Usage.Rmd)
    Error: processing vignette 'Advanced_Usage.Rmd' failed with diagnostics:
    cannot open the connection
    Execution halted
Flavor: r-release-osx-x86_64

Version: 0.1.3
Check: re-building of vignette outputs
Result: WARN
    Error in re-building vignettes:
     ...
    Warning in engine$weave(file, quiet = quiet, encoding = enc) :
     Pandoc (>= 1.12.3) and/or pandoc-citeproc not available. Falling back to R Markdown v1.
    Warning in normalizePath(f2) :
     path[1]="./webshotd25d5338f2b1.png": No such file or directory
    Warning in file(con, "rb") :
     cannot open file './webshotd25d5338f2b1.png': No such file or directory
    Quitting from lines 20-27 (Advanced_Usage.Rmd)
    Error: processing vignette 'Advanced_Usage.Rmd' failed with diagnostics:
    cannot open the connection
    Execution halted
Flavor: r-oldrel-osx-x86_64