CRAN Package Check Results for Package princurve

Last updated on 2018-07-17 01:47:15 CEST.

Flavor Version Tinstall Tcheck Ttotal Status Flags
r-devel-linux-x86_64-debian-clang 2.1.0 14.88 66.62 81.50 ERROR
r-devel-linux-x86_64-debian-gcc 2.1.0 12.06 53.93 65.99 ERROR
r-devel-linux-x86_64-fedora-clang 2.1.0 106.25 ERROR
r-devel-linux-x86_64-fedora-gcc 2.1.0 104.89 OK
r-devel-windows-ix86+x86_64 2.1.0 40.00 212.00 252.00 OK
r-patched-linux-x86_64 2.1.0 15.95 68.63 84.58 OK
r-patched-solaris-x86 2.1.0 124.80 ERROR
r-release-linux-x86_64 2.1.0 15.98 69.61 85.59 OK
r-release-windows-ix86+x86_64 2.1.0 35.00 194.00 229.00 OK
r-release-osx-x86_64 2.1.0 ERROR
r-oldrel-windows-ix86+x86_64 2.1.0 30.00 150.00 180.00 OK
r-oldrel-osx-x86_64 2.1.0 OK

Additional issues

rchk

Check Details

Version: 2.1.0
Check: tests
Result: ERROR
     Running ‘testthat.R’ [43s/45s]
    Running the tests in ‘tests/testthat.R’ failed.
    Complete output:
     > library(testthat)
     >
     > Sys.setenv("R_TESTS" = "")
     >
     > test_check("princurve")
     Loading required package: princurve
     * installing *source* package ‘princurvelegacy’ ...
     ** libs
     make[1]: Entering directory '/tmp/RtmpoDMQHd/devtools288e266e67a4/dynverse-princurve-81b12ac/src'
     gfortran -fpic -g -O2 -Wall -pedantic -mtune=native -c getlam.f -o getlam.o
     getlam.f:33:5:
    
     23013 continue
     1
     Warning: Label 23013 at (1) defined but not used [-Wunused-label]
     getlam.f:27:5:
    
     23011 continue
     1
     Warning: Label 23011 at (1) defined but not used [-Wunused-label]
     getlam.f:22:5:
    
     23009 continue
     1
     Warning: Label 23009 at (1) defined but not used [-Wunused-label]
     getlam.f:29:5:
    
     23007 continue
     1
     Warning: Label 23007 at (1) defined but not used [-Wunused-label]
     getlam.f:17:5:
    
     23005 continue
     1
     Warning: Label 23005 at (1) defined but not used [-Wunused-label]
     getlam.f:113:5:
    
     23037 continue
     1
     Warning: Label 23037 at (1) defined but not used [-Wunused-label]
     getlam.f:82:5:
    
     23027 continue
     1
     Warning: Label 23027 at (1) defined but not used [-Wunused-label]
     getlam.f:73:5:
    
     23023 continue
     1
     Warning: Label 23023 at (1) defined but not used [-Wunused-label]
     getlam.f:101:5:
    
     23020 ik=ik+1
     1
     Warning: Label 23020 at (1) defined but not used [-Wunused-label]
     getlam.f:92:10:
    
     lam=ik+(d1)
     1
     Warning: Possible change of value in conversion from REAL(8) to REAL(4) at (1) [-Wconversion]
     getlam.f:104:11:
    
     left=lammin
     1
     Warning: Possible change of value in conversion from REAL(4) to INTEGER(4) at (1) [-Wconversion]
     getlam.f:48:5:
    
     23018 continue
     1
     Warning: Label 23018 at (1) defined but not used [-Wunused-label]
     getlam.f:50:5:
    
     23015 i=i+1
     1
     Warning: Label 23015 at (1) defined but not used [-Wunused-label]
     gfortran -fpic -g -O2 -Wall -pedantic -mtune=native -c sortdi.f -o sortdi.o
     clang-6.0 -shared -L/home/hornik/tmp/R.check/r-devel-clang/Work/build/lib -Wl,-O1 -o princurvelegacy.so getlam.o sortdi.o -L/usr/lib/gcc/x86_64-linux-gnu/7 -lgfortran -lm -lquadmath -L/home/hornik/tmp/R.check/r-devel-clang/Work/build/lib -lR
     make[1]: Leaving directory '/tmp/RtmpoDMQHd/devtools288e266e67a4/dynverse-princurve-81b12ac/src'
     make[1]: Entering directory '/tmp/RtmpoDMQHd/devtools288e266e67a4/dynverse-princurve-81b12ac/src'
     make[1]: Leaving directory '/tmp/RtmpoDMQHd/devtools288e266e67a4/dynverse-princurve-81b12ac/src'
     installing to /tmp/Rtmpy0vX2x/RLIBS_8b7410461d0/princurvelegacy/libs
     ** R
     ** byte-compile and prepare package for lazy loading
     ** help
     *** installing help indices
     ** building package indices
     ** testing if installed package can be loaded
     * DONE (princurvelegacy)
     ── 1. Failure: project_to_cells is at least as fast as legacy get.lam (@test-leg
     smic$median[[2]] is not less than smic$median[[1]] * 2. Difference: 3.1
    
     ══ testthat results ═══════════════════════════════════════════════════════════
     OK: 536 SKIPPED: 0 FAILED: 1
     1. Failure: project_to_cells is at least as fast as legacy get.lam (@test-legacy_princurve.R#69)
    
     Error: testthat unit tests failed
     Execution halted
Flavor: r-devel-linux-x86_64-debian-clang

Version: 2.1.0
Check: tests
Result: ERROR
     Running ‘testthat.R’ [33s/51s]
    Running the tests in ‘tests/testthat.R’ failed.
    Complete output:
     > library(testthat)
     >
     > Sys.setenv("R_TESTS" = "")
     >
     > test_check("princurve")
     Loading required package: princurve
     * installing *source* package ‘princurvelegacy’ ...
     ** libs
     make[1]: Entering directory '/home/hornik/tmp/scratch/Rtmp7E63uN/devtools26ca577ed920/dynverse-princurve-81b12ac/src'
     gfortran-7 -fpic -g -O2 -Wall -pedantic -mtune=native -c getlam.f -o getlam.o
     getlam.f:33:5:
    
     23013 continue
     1
     Warning: Label 23013 at (1) defined but not used [-Wunused-label]
     getlam.f:27:5:
    
     23011 continue
     1
     Warning: Label 23011 at (1) defined but not used [-Wunused-label]
     getlam.f:22:5:
    
     23009 continue
     1
     Warning: Label 23009 at (1) defined but not used [-Wunused-label]
     getlam.f:29:5:
    
     23007 continue
     1
     Warning: Label 23007 at (1) defined but not used [-Wunused-label]
     getlam.f:17:5:
    
     23005 continue
     1
     Warning: Label 23005 at (1) defined but not used [-Wunused-label]
     getlam.f:113:5:
    
     23037 continue
     1
     Warning: Label 23037 at (1) defined but not used [-Wunused-label]
     getlam.f:82:5:
    
     23027 continue
     1
     Warning: Label 23027 at (1) defined but not used [-Wunused-label]
     getlam.f:73:5:
    
     23023 continue
     1
     Warning: Label 23023 at (1) defined but not used [-Wunused-label]
     getlam.f:101:5:
    
     23020 ik=ik+1
     1
     Warning: Label 23020 at (1) defined but not used [-Wunused-label]
     getlam.f:92:10:
    
     lam=ik+(d1)
     1
     Warning: Possible change of value in conversion from REAL(8) to REAL(4) at (1) [-Wconversion]
     getlam.f:104:11:
    
     left=lammin
     1
     Warning: Possible change of value in conversion from REAL(4) to INTEGER(4) at (1) [-Wconversion]
     getlam.f:48:5:
    
     23018 continue
     1
     Warning: Label 23018 at (1) defined but not used [-Wunused-label]
     getlam.f:50:5:
    
     23015 i=i+1
     1
     Warning: Label 23015 at (1) defined but not used [-Wunused-label]
     gfortran-7 -fpic -g -O2 -Wall -pedantic -mtune=native -c sortdi.f -o sortdi.o
     gcc-7 -shared -L/home/hornik/tmp/R.check/r-devel-gcc/Work/build/lib -Wl,-O1 -o princurvelegacy.so getlam.o sortdi.o -lgfortran -lm -lquadmath -L/home/hornik/tmp/R.check/r-devel-gcc/Work/build/lib -lR
     make[1]: Leaving directory '/home/hornik/tmp/scratch/Rtmp7E63uN/devtools26ca577ed920/dynverse-princurve-81b12ac/src'
     make[1]: Entering directory '/home/hornik/tmp/scratch/Rtmp7E63uN/devtools26ca577ed920/dynverse-princurve-81b12ac/src'
     make[1]: Leaving directory '/home/hornik/tmp/scratch/Rtmp7E63uN/devtools26ca577ed920/dynverse-princurve-81b12ac/src'
     installing to /home/hornik/tmp/scratch/RtmpW8oays/RLIBS_5791631990f7/princurvelegacy/libs
     ** R
     ** byte-compile and prepare package for lazy loading
     ** help
     *** installing help indices
     ** building package indices
     ** testing if installed package can be loaded
     * DONE (princurvelegacy)
     ── 1. Failure: project_to_cells is at least as fast as legacy get.lam (@test-leg
     smic$median[[2]] is not less than smic$median[[1]] * 2. Difference: 4.28
    
     ══ testthat results ═══════════════════════════════════════════════════════════
     OK: 536 SKIPPED: 0 FAILED: 1
     1. Failure: project_to_cells is at least as fast as legacy get.lam (@test-legacy_princurve.R#69)
    
     Error: testthat unit tests failed
     Execution halted
Flavor: r-devel-linux-x86_64-debian-gcc

Version: 2.1.0
Check: tests
Result: ERROR
     Running ‘testthat.R’ [53s/59s]
    Running the tests in ‘tests/testthat.R’ failed.
    Complete output:
     > library(testthat)
     >
     > Sys.setenv("R_TESTS" = "")
     >
     > test_check("princurve")
     Loading required package: princurve
     * installing *source* package ‘princurvelegacy’ ...
     ** libs
     make[1]: Entering directory '/tmp/RtmpSfEH7Q/devtoolsae9e63d1a6ae/dynverse-princurve-81b12ac/src'
     gfortran -fpic -g -O2 -mtune=native -Wall -pedantic -c getlam.f -o getlam.o
     gfortran -fpic -g -O2 -mtune=native -Wall -pedantic -c sortdi.f -o sortdi.o
     getlam.f:33:5:
    
     23013 continue
     1
     Warning: Label 23013 at (1) defined but not used [-Wunused-label]
     getlam.f:27:5:
    
     23011 continue
     1
     Warning: Label 23011 at (1) defined but not used [-Wunused-label]
     getlam.f:22:5:
    
     23009 continue
     1
     Warning: Label 23009 at (1) defined but not used [-Wunused-label]
     getlam.f:29:5:
    
     23007 continue
     1
     Warning: Label 23007 at (1) defined but not used [-Wunused-label]
     getlam.f:17:5:
    
     23005 continue
     1
     Warning: Label 23005 at (1) defined but not used [-Wunused-label]
     getlam.f:113:5:
    
     23037 continue
     1
     Warning: Label 23037 at (1) defined but not used [-Wunused-label]
     getlam.f:82:5:
    
     23027 continue
     1
     Warning: Label 23027 at (1) defined but not used [-Wunused-label]
     getlam.f:73:5:
    
     23023 continue
     1
     Warning: Label 23023 at (1) defined but not used [-Wunused-label]
     getlam.f:101:5:
    
     23020 ik=ik+1
     1
     Warning: Label 23020 at (1) defined but not used [-Wunused-label]
     getlam.f:92:10:
    
     lam=ik+(d1)
     1
     Warning: Possible change of value in conversion from REAL(8) to REAL(4) at (1) [-Wconversion]
     getlam.f:104:11:
    
     left=lammin
     1
     Warning: Possible change of value in conversion from REAL(4) to INTEGER(4) at (1) [-Wconversion]
     getlam.f:48:5:
    
     23018 continue
     1
     Warning: Label 23018 at (1) defined but not used [-Wunused-label]
     getlam.f:50:5:
    
     23015 i=i+1
     1
     Warning: Label 23015 at (1) defined but not used [-Wunused-label]
     clang -shared -L/usr/local/clang/lib64 -L/usr/local/lib64 -o princurvelegacy.so getlam.o sortdi.o -lgfortran -lm -lquadmath
     make[1]: Leaving directory '/tmp/RtmpSfEH7Q/devtoolsae9e63d1a6ae/dynverse-princurve-81b12ac/src'
     make[1]: Entering directory '/tmp/RtmpSfEH7Q/devtoolsae9e63d1a6ae/dynverse-princurve-81b12ac/src'
     make[1]: Leaving directory '/tmp/RtmpSfEH7Q/devtoolsae9e63d1a6ae/dynverse-princurve-81b12ac/src'
     installing to /tmp/RtmpOOBt2u/RLIBS_abdd28584276/princurvelegacy/libs
     ** R
     ** byte-compile and prepare package for lazy loading
     ** help
     *** installing help indices
     ** building package indices
     ** testing if installed package can be loaded
     * DONE (princurvelegacy)
     ── 1. Failure: project_to_cells is at least as fast as legacy get.lam (@test-leg
     smic$median[[2]] is not less than smic$median[[1]] * 2. Difference: 2.67
    
     ══ testthat results ═══════════════════════════════════════════════════════════
     OK: 536 SKIPPED: 0 FAILED: 1
     1. Failure: project_to_cells is at least as fast as legacy get.lam (@test-legacy_princurve.R#69)
    
     Error: testthat unit tests failed
     Execution halted
Flavor: r-devel-linux-x86_64-fedora-clang

Version: 2.1.0
Check: tests
Result: ERROR
     Running ‘testthat.R’ [70s/105s]
    Running the tests in ‘tests/testthat.R’ failed.
    Complete output:
     > library(testthat)
     >
     > Sys.setenv("R_TESTS" = "")
     >
     > test_check("princurve")
     Loading required package: princurve
     * installing *source* package ‘princurvelegacy’ ...
     ** libs
     f95 -PIC -O -libmil -xtarget=native -nofstore -c getlam.f -o getlam.o
     f95 -PIC -O -libmil -xtarget=native -nofstore -c sortdi.f -o sortdi.o
     cc -xc99 -G -L/usr/local/lib -o princurvelegacy.so getlam.o sortdi.o -L/opt/developerstudio12.5/lib/compilers -R/opt/developerstudio12.5/lib -lfsu -lsunquad -lsunmath -lmtsk -lm
     installing to /tmp/RtmpANaGXa/RLIBS_18c2617aed/princurvelegacy/libs
     ** R
     ** byte-compile and prepare package for lazy loading
     ** help
     *** installing help indices
     ** building package indices
     ** testing if installed package can be loaded
     * DONE (princurvelegacy)
     ── 1. Failure: project_to_cells is at least as fast as legacy get.lam (@test-leg
     smic$median[[2]] is not less than smic$median[[1]] * 2. Difference: 3.56
    
     ══ testthat results ═══════════════════════════════════════════════════════════
     OK: 536 SKIPPED: 0 FAILED: 1
     1. Failure: project_to_cells is at least as fast as legacy get.lam (@test-legacy_princurve.R#69)
    
     Error: testthat unit tests failed
     Execution halted
Flavor: r-patched-solaris-x86

Version: 2.1.0
Check: tests
Result: ERROR
     Running ‘testthat.R’ [9s/12s]
    Running the tests in ‘tests/testthat.R’ failed.
    Last 13 lines of output:
     ══ testthat results ═══════════════════════════════════════════════════════════
     OK: 335 SKIPPED: 0 FAILED: 23
     1. Error: Directly compare principal.curve against legagy, run 1 (@test-legacy_princurve.R#12)
     2. Error: Directly compare principal.curve against legagy, run 2 (@test-legacy_princurve.R#12)
     3. Error: Directly compare principal.curve against legagy, run 3 (@test-legacy_princurve.R#12)
     4. Error: Directly compare principal.curve against legagy, run 4 (@test-legacy_princurve.R#12)
     5. Error: Directly compare principal.curve against legagy, run 5 (@test-legacy_princurve.R#12)
     6. Error: Directly compare principal.curve against legagy, run 6 (@test-legacy_princurve.R#12)
     7. Error: Directly compare principal.curve against legagy, run 7 (@test-legacy_princurve.R#12)
     8. Error: Directly compare principal.curve against legagy, run 8 (@test-legacy_princurve.R#12)
     9. Error: Directly compare principal.curve against legagy, run 9 (@test-legacy_princurve.R#12)
     1. ...
    
     Error: testthat unit tests failed
     Execution halted
Flavor: r-release-osx-x86_64