CRAN Package Check Results for Package pseval

Last updated on 2018-07-17 01:47:15 CEST.

Flavor Version Tinstall Tcheck Ttotal Status Flags
r-devel-linux-x86_64-debian-clang 1.3.0 2.19 325.32 327.51 OK
r-devel-linux-x86_64-debian-gcc 1.3.0 2.02 252.17 254.19 OK
r-devel-linux-x86_64-fedora-clang 1.3.0 435.76 OK
r-devel-linux-x86_64-fedora-gcc 1.3.0 424.73 OK
r-devel-windows-ix86+x86_64 1.3.0 7.00 478.00 485.00 OK
r-patched-linux-x86_64 1.3.0 3.28 350.08 353.36 OK
r-patched-solaris-x86 1.3.0 738.30 OK
r-release-linux-x86_64 1.3.0 2.21 355.93 358.14 OK
r-release-windows-ix86+x86_64 1.3.0 6.00 569.00 575.00 OK
r-release-osx-x86_64 1.3.0 OK
r-oldrel-windows-ix86+x86_64 1.3.0 3.00 529.00 532.00 OK
r-oldrel-osx-x86_64 1.3.0 NOTE

Check Details

Version: 1.3.0
Check: package dependencies
Result: NOTE
    Package suggested but not available for checking: ‘printr’
Flavor: r-oldrel-osx-x86_64