Last updated on 2018-07-17 01:47:15 CEST.
Flavor | Version | Tinstall | Tcheck | Ttotal | Status | Flags |
---|---|---|---|---|---|---|
r-devel-linux-x86_64-debian-clang | 0.3-18 | 201.48 | 82.37 | 283.85 | OK | |
r-devel-linux-x86_64-debian-gcc | 0.3-18 | 171.88 | 74.14 | 246.02 | OK | |
r-devel-linux-x86_64-fedora-clang | 0.3-18 | 428.53 | NOTE | |||
r-devel-linux-x86_64-fedora-gcc | 0.3-18 | 408.32 | OK | |||
r-devel-windows-ix86+x86_64 | 0.3-18 | 457.00 | 139.00 | 596.00 | OK | |
r-patched-linux-x86_64 | 0.3-18 | 218.13 | 81.54 | 299.67 | OK | |
r-patched-solaris-x86 | 0.3-18 | 363.70 | OK | |||
r-release-linux-x86_64 | 0.3-18 | 213.93 | 81.28 | 295.21 | OK | |
r-release-windows-ix86+x86_64 | 0.3-18 | 499.00 | 183.00 | 682.00 | OK | |
r-release-osx-x86_64 | 0.3-18 | NOTE | ||||
r-oldrel-windows-ix86+x86_64 | 0.3-18 | 348.00 | 137.00 | 485.00 | OK | |
r-oldrel-osx-x86_64 | 0.3-18 | NOTE |
Version: 0.3-18
Check: installed package size
Result: NOTE
installed size is 7.0Mb
sub-directories of 1Mb or more:
libs 6.9Mb
Flavors: r-devel-linux-x86_64-fedora-clang, r-release-osx-x86_64, r-oldrel-osx-x86_64