CRAN Package Check Results for Package qqplotr

Last updated on 2018-07-17 01:47:16 CEST.

Flavor Version Tinstall Tcheck Ttotal Status Flags
r-devel-linux-x86_64-debian-clang 0.0.2 4.01 51.38 55.39 OK
r-devel-linux-x86_64-debian-gcc 0.0.2 3.02 43.80 46.82 OK
r-devel-linux-x86_64-fedora-clang 0.0.2 69.18 NOTE
r-devel-linux-x86_64-fedora-gcc 0.0.2 66.85 NOTE
r-devel-windows-ix86+x86_64 0.0.2 12.00 99.00 111.00 OK
r-patched-linux-x86_64 0.0.2 2.98 52.20 55.18 OK
r-patched-solaris-x86 0.0.2 101.50 NOTE
r-release-linux-x86_64 0.0.2 2.81 51.52 54.33 OK
r-release-windows-ix86+x86_64 0.0.2 11.00 98.00 109.00 OK
r-release-osx-x86_64 0.0.2 NOTE
r-oldrel-windows-ix86+x86_64 0.0.2 7.00 72.00 79.00 OK
r-oldrel-osx-x86_64 0.0.2 NOTE

Check Details

Version: 0.0.2
Check: dependencies in R code
Result: NOTE
    Namespace in Imports field not imported from: ‘knitr’
     All declared Imports should be used.
Flavors: r-devel-linux-x86_64-fedora-clang, r-devel-linux-x86_64-fedora-gcc, r-patched-solaris-x86, r-release-osx-x86_64, r-oldrel-osx-x86_64