Last updated on 2018-07-17 01:47:16 CEST.
Flavor | Version | Tinstall | Tcheck | Ttotal | Status | Flags |
---|---|---|---|---|---|---|
r-devel-linux-x86_64-debian-clang | 0.4-13 | 9.77 | 62.13 | 71.90 | NOTE | |
r-devel-linux-x86_64-debian-gcc | 0.4-13 | 10.68 | 55.67 | 66.35 | NOTE | |
r-devel-linux-x86_64-fedora-clang | 0.4-13 | 94.54 | OK | |||
r-devel-linux-x86_64-fedora-gcc | 0.4-13 | 93.69 | OK | |||
r-devel-windows-ix86+x86_64 | 0.4-13 | 23.00 | 106.00 | 129.00 | OK | |
r-patched-linux-x86_64 | 0.4-13 | 10.15 | 69.15 | 79.30 | NOTE | |
r-patched-solaris-x86 | 0.4-13 | 121.70 | OK | |||
r-release-linux-x86_64 | 0.4-13 | 11.77 | 68.50 | 80.27 | NOTE | |
r-release-windows-ix86+x86_64 | 0.4-13 | 24.00 | 102.00 | 126.00 | OK | |
r-release-osx-x86_64 | 0.4-13 | OK | ||||
r-oldrel-windows-ix86+x86_64 | 0.4-13 | 7.00 | 111.00 | 118.00 | OK | |
r-oldrel-osx-x86_64 | 0.4-13 | OK |
Version: 0.4-13
Check: R code for possible problems
Result: NOTE
Found the following calls to attach():
File ‘quantmod/R/attachSymbols.R’:
attach(NULL, pos = pos, name = DB$name)
attach(NULL, pos = pos, name = DB$name)
See section ‘Good practice’ in ‘?attach’.
Flavors: r-devel-linux-x86_64-debian-clang, r-devel-linux-x86_64-debian-gcc, r-patched-linux-x86_64, r-release-linux-x86_64