Last updated on 2018-07-17 01:47:16 CEST.
Flavor | Version | Tinstall | Tcheck | Ttotal | Status | Flags |
---|---|---|---|---|---|---|
r-devel-linux-x86_64-debian-clang | 0.1.0 | 8.85 | 123.76 | 132.61 | OK | |
r-devel-linux-x86_64-debian-gcc | 0.1.0 | 8.86 | 104.25 | 113.11 | OK | |
r-devel-linux-x86_64-fedora-clang | 0.1.0 | 168.05 | NOTE | |||
r-devel-linux-x86_64-fedora-gcc | 0.1.0 | 166.24 | NOTE | |||
r-devel-windows-ix86+x86_64 | 0.1.0 | 35.00 | 232.00 | 267.00 | OK | |
r-patched-linux-x86_64 | 0.1.0 | 9.65 | 119.09 | 128.74 | OK | |
r-patched-solaris-x86 | 0.1.0 | 223.10 | NOTE | |||
r-release-linux-x86_64 | 0.1.0 | 8.96 | 119.21 | 128.17 | OK | |
r-release-windows-ix86+x86_64 | 0.1.0 | 31.00 | 216.00 | 247.00 | OK | |
r-release-osx-x86_64 | 0.1.0 | NOTE | ||||
r-oldrel-windows-ix86+x86_64 | 0.1.0 | 17.00 | 165.00 | 182.00 | OK | |
r-oldrel-osx-x86_64 | 0.1.0 | NOTE |
Version: 0.1.0
Check: dependencies in R code
Result: NOTE
Namespaces in Imports field not imported from:
‘MCMCpack’ ‘gridExtra’ ‘knitr’
All declared Imports should be used.
Flavors: r-devel-linux-x86_64-fedora-clang, r-devel-linux-x86_64-fedora-gcc, r-patched-solaris-x86, r-release-osx-x86_64, r-oldrel-osx-x86_64