Last updated on 2018-07-17 01:47:16 CEST.
Flavor | Version | Tinstall | Tcheck | Ttotal | Status | Flags |
---|---|---|---|---|---|---|
r-devel-linux-x86_64-debian-clang | 2.1.8 | 12.60 | 81.37 | 93.97 | OK | |
r-devel-linux-x86_64-debian-gcc | 2.1.8 | 10.30 | 69.94 | 80.24 | OK | |
r-devel-linux-x86_64-fedora-clang | 2.1.8 | 120.24 | NOTE | |||
r-devel-linux-x86_64-fedora-gcc | 2.1.8 | 113.67 | OK | |||
r-devel-windows-ix86+x86_64 | 2.1.8 | 41.00 | 139.00 | 180.00 | NOTE | |
r-patched-linux-x86_64 | 2.1.8 | 13.22 | 82.24 | 95.46 | OK | |
r-patched-solaris-x86 | 2.1.8 | 148.90 | NOTE | |||
r-release-linux-x86_64 | 2.1.8 | 12.86 | 82.49 | 95.35 | OK | |
r-release-windows-ix86+x86_64 | 2.1.8 | 42.00 | 187.00 | 229.00 | NOTE | |
r-release-osx-x86_64 | 2.1.8 | NOTE | ||||
r-oldrel-windows-ix86+x86_64 | 2.1.8 | 21.00 | 159.00 | 180.00 | NOTE | |
r-oldrel-osx-x86_64 | 2.1.8 | NOTE |
Version: 2.1.8
Check: installed package size
Result: NOTE
installed size is 14.3Mb
sub-directories of 1Mb or more:
api 3.2Mb
htmlwidgets 9.3Mb
Flavors: r-devel-linux-x86_64-fedora-clang, r-devel-windows-ix86+x86_64, r-patched-solaris-x86, r-release-windows-ix86+x86_64, r-release-osx-x86_64, r-oldrel-windows-ix86+x86_64, r-oldrel-osx-x86_64