CRAN Package Check Results for Package rCAT

Last updated on 2018-07-17 01:47:16 CEST.

Flavor Version Tinstall Tcheck Ttotal Status Flags
r-devel-linux-x86_64-debian-clang 0.1.5 2.01 32.65 34.66 OK
r-devel-linux-x86_64-debian-gcc 0.1.5 2.29 32.00 34.29 OK
r-devel-linux-x86_64-fedora-clang 0.1.5 47.04 OK
r-devel-linux-x86_64-fedora-gcc 0.1.5 45.72 OK
r-devel-windows-ix86+x86_64 0.1.5 9.00 48.00 57.00 OK
r-patched-linux-x86_64 0.1.5 1.99 33.40 35.39 OK
r-patched-solaris-x86 0.1.5 70.60 OK
r-release-linux-x86_64 0.1.5 2.13 33.49 35.62 OK
r-release-windows-ix86+x86_64 0.1.5 8.00 61.00 69.00 OK
r-release-osx-x86_64 0.1.5 OK
r-oldrel-windows-ix86+x86_64 0.1.5 6.00 54.00 60.00 OK
r-oldrel-osx-x86_64 0.1.5 NOTE

Check Details

Version: 0.1.5
Check: package dependencies
Result: NOTE
    Package suggested but not available for checking: ‘downscale’
Flavor: r-oldrel-osx-x86_64