CRAN Package Check Results for Package rENA

Last updated on 2018-07-17 01:47:17 CEST.

Flavor Version Tinstall Tcheck Ttotal Status Flags
r-devel-linux-x86_64-debian-clang 0.1.5 135.83 63.84 199.67 OK
r-devel-linux-x86_64-debian-gcc 0.1.5 119.77 45.46 165.23 OK
r-devel-linux-x86_64-fedora-clang 0.1.5 289.51 NOTE
r-devel-linux-x86_64-fedora-gcc 0.1.5 287.35 OK
r-devel-windows-ix86+x86_64 0.1.5 347.00 98.00 445.00 OK
r-patched-linux-x86_64 0.1.5 147.56 53.82 201.38 OK
r-patched-solaris-x86 0.1.5 237.50 OK
r-release-linux-x86_64 0.1.5 147.15 54.17 201.32 OK
r-release-windows-ix86+x86_64 0.1.5 333.00 137.00 470.00 OK
r-release-osx-x86_64 0.1.5 NOTE
r-oldrel-windows-ix86+x86_64 0.1.5 247.00 93.00 340.00 OK
r-oldrel-osx-x86_64 0.1.5 NOTE

Check Details

Version: 0.1.5
Check: installed package size
Result: NOTE
     installed size is 21.5Mb
     sub-directories of 1Mb or more:
     libs 20.9Mb
Flavors: r-devel-linux-x86_64-fedora-clang, r-release-osx-x86_64, r-oldrel-osx-x86_64