CRAN Package Check Results for Package rPref

Last updated on 2018-07-17 01:47:19 CEST.

Flavor Version Tinstall Tcheck Ttotal Status Flags
r-devel-linux-x86_64-debian-clang 1.2 59.78 47.23 107.01 NOTE
r-devel-linux-x86_64-debian-gcc 1.2 50.36 40.26 90.62 NOTE
r-devel-linux-x86_64-fedora-clang 1.2 152.83 NOTE
r-devel-linux-x86_64-fedora-gcc 1.2 143.76 WARN
r-devel-windows-ix86+x86_64 1.2 181.00 84.00 265.00 NOTE
r-patched-linux-x86_64 1.2 61.06 45.84 106.90 NOTE
r-patched-solaris-x86 1.2 159.00 NOTE
r-release-linux-x86_64 1.2 58.02 46.09 104.11 NOTE
r-release-windows-ix86+x86_64 1.2 191.00 107.00 298.00 NOTE
r-release-osx-x86_64 1.2 NOTE
r-oldrel-windows-ix86+x86_64 1.2 144.00 120.00 264.00 NOTE
r-oldrel-osx-x86_64 1.2 NOTE

Check Details

Version: 1.2
Check: for GNU extensions in Makefiles
Result: NOTE
    GNU make is a SystemRequirements.
Flavors: r-devel-linux-x86_64-debian-clang, r-devel-linux-x86_64-debian-gcc, r-devel-linux-x86_64-fedora-clang, r-devel-linux-x86_64-fedora-gcc, r-devel-windows-ix86+x86_64, r-patched-linux-x86_64, r-patched-solaris-x86, r-release-linux-x86_64, r-release-windows-ix86+x86_64, r-release-osx-x86_64, r-oldrel-windows-ix86+x86_64, r-oldrel-osx-x86_64

Version: 1.2
Check: compiled code
Result: NOTE
    File ‘rPref/libs/rPref.so’:
     Found no calls to: ‘R_registerRoutines’, ‘R_useDynamicSymbols’
    
    It is good practice to register native routines and to disable symbol
    search.
    
    See ‘Writing portable packages’ in the ‘Writing R Extensions’ manual.
Flavors: r-devel-linux-x86_64-debian-clang, r-devel-linux-x86_64-debian-gcc, r-devel-linux-x86_64-fedora-clang, r-devel-linux-x86_64-fedora-gcc, r-patched-linux-x86_64, r-release-linux-x86_64

Version: 1.2
Check: whether package can be installed
Result: WARN
    Found the following significant warnings:
     /data/gannet/ripley/R/test-3.6/RcppParallel/include/tbb/concurrent_hash_map.h:169:68: warning: ‘void* memset(void*, int, size_t)’ clearing an object of type ‘struct tbb::interface5::internal::hash_map_base::bucket’ with no trivial copy-assignment; use value-initialization instead [-Wclass-memaccess]
Flavor: r-devel-linux-x86_64-fedora-gcc

Version: 1.2
Check: package dependencies
Result: NOTE
    Packages suggested but not available for checking: ‘graph’ ‘Rgraphviz’
Flavor: r-oldrel-osx-x86_64