CRAN Package Check Results for Package rSARP

Last updated on 2018-07-17 01:47:19 CEST.

Flavor Version Tinstall Tcheck Ttotal Status Flags
r-devel-linux-x86_64-debian-clang 1.0.0 2.17 30.55 32.72 NOTE
r-devel-linux-x86_64-debian-gcc 1.0.0 2.04 26.53 28.57 NOTE
r-devel-linux-x86_64-fedora-clang 1.0.0 42.17 NOTE
r-devel-linux-x86_64-fedora-gcc 1.0.0 41.41 NOTE
r-devel-windows-ix86+x86_64 1.0.0 8.00 40.00 48.00 NOTE
r-patched-linux-x86_64 1.0.0 2.48 32.53 35.01 NOTE
r-patched-solaris-x86 1.0.0 54.40 NOTE
r-release-linux-x86_64 1.0.0 2.38 32.98 35.36 NOTE
r-release-windows-ix86+x86_64 1.0.0 10.00 50.00 60.00 NOTE
r-release-osx-x86_64 1.0.0 NOTE
r-oldrel-windows-ix86+x86_64 1.0.0 4.00 48.00 52.00 OK
r-oldrel-osx-x86_64 1.0.0 OK

Check Details

Version: 1.0.0
Check: files in ‘vignettes’
Result: NOTE
    Files named as vignettes but with no recognized vignette engine:
     ‘vignettes/Untitled.Rnw’
    (Is a VignetteBuilder field missing?)
Flavors: r-devel-linux-x86_64-debian-clang, r-devel-linux-x86_64-debian-gcc, r-devel-linux-x86_64-fedora-clang, r-devel-linux-x86_64-fedora-gcc, r-devel-windows-ix86+x86_64, r-patched-linux-x86_64, r-patched-solaris-x86, r-release-linux-x86_64, r-release-windows-ix86+x86_64, r-release-osx-x86_64