Last updated on 2018-07-17 01:47:16 CEST.
Flavor | Version | Tinstall | Tcheck | Ttotal | Status | Flags |
---|---|---|---|---|---|---|
r-devel-linux-x86_64-debian-clang | 0.9.5 | 9.37 | 89.19 | 98.56 | OK | |
r-devel-linux-x86_64-debian-gcc | 0.9.5 | 8.45 | 77.13 | 85.58 | OK | |
r-devel-linux-x86_64-fedora-clang | 0.9.5 | 124.48 | NOTE | |||
r-devel-linux-x86_64-fedora-gcc | 0.9.5 | 129.07 | NOTE | |||
r-devel-windows-ix86+x86_64 | 0.9.5 | 34.00 | 110.00 | 144.00 | OK | |
r-patched-linux-x86_64 | 0.9.5 | 9.40 | 89.95 | 99.35 | OK | |
r-patched-solaris-x86 | 0.9.5 | 170.90 | NOTE | |||
r-release-linux-x86_64 | 0.9.5 | 9.30 | 91.22 | 100.52 | OK | |
r-release-windows-ix86+x86_64 | 0.9.5 | 26.00 | 177.00 | 203.00 | OK | |
r-release-osx-x86_64 | 0.9.5 | NOTE | ||||
r-oldrel-windows-ix86+x86_64 | 0.9.5 | 17.00 | 111.00 | 128.00 | OK | |
r-oldrel-osx-x86_64 | 0.9.5 | NOTE |
Version: 0.9.5
Check: dependencies in R code
Result: NOTE
Namespaces in Imports field not imported from:
‘curl’ ‘writexl’
All declared Imports should be used.
Flavors: r-devel-linux-x86_64-fedora-clang, r-devel-linux-x86_64-fedora-gcc, r-patched-solaris-x86, r-release-osx-x86_64, r-oldrel-osx-x86_64