CRAN Package Check Results for Package raptr

Last updated on 2018-07-17 01:47:16 CEST.

Flavor Version Tinstall Tcheck Ttotal Status Flags
r-devel-linux-x86_64-debian-clang 0.1.2 151.79 193.33 345.12 NOTE
r-devel-linux-x86_64-debian-gcc 0.1.2 130.24 174.98 305.22 NOTE
r-devel-linux-x86_64-fedora-clang 0.1.2 513.54 NOTE
r-devel-linux-x86_64-fedora-gcc 0.1.2 501.31 NOTE
r-devel-windows-ix86+x86_64 0.1.2 421.00 354.00 775.00 NOTE
r-patched-linux-x86_64 0.1.2 156.67 201.02 357.69 NOTE
r-patched-solaris-x86 0.1.2 694.60 NOTE
r-release-linux-x86_64 0.1.2 158.09 200.56 358.65 NOTE
r-release-windows-ix86+x86_64 0.1.2 415.00 449.00 864.00 NOTE
r-release-osx-x86_64 0.1.2 NOTE
r-oldrel-windows-ix86+x86_64 0.1.2 308.00 353.00 661.00 NOTE
r-oldrel-osx-x86_64 0.1.2 NOTE

Check Details

Version: 0.1.2
Check: package dependencies
Result: NOTE
    Package suggested but not available for checking: ‘gurobi’
Flavors: r-devel-linux-x86_64-debian-clang, r-devel-linux-x86_64-debian-gcc, r-devel-linux-x86_64-fedora-clang, r-devel-linux-x86_64-fedora-gcc, r-devel-windows-ix86+x86_64, r-patched-linux-x86_64, r-patched-solaris-x86, r-release-linux-x86_64, r-release-windows-ix86+x86_64, r-release-osx-x86_64, r-oldrel-windows-ix86+x86_64, r-oldrel-osx-x86_64

Version: 0.1.2
Check: installed package size
Result: NOTE
     installed size is 5.9Mb
     sub-directories of 1Mb or more:
     data 3.6Mb
Flavors: r-devel-linux-x86_64-fedora-clang, r-devel-windows-ix86+x86_64, r-patched-solaris-x86, r-release-windows-ix86+x86_64, r-release-osx-x86_64, r-oldrel-windows-ix86+x86_64, r-oldrel-osx-x86_64