Last updated on 2018-07-17 01:47:16 CEST.
Flavor | Version | Tinstall | Tcheck | Ttotal | Status | Flags |
---|---|---|---|---|---|---|
r-devel-linux-x86_64-debian-clang | 0.5.0 | 9.89 | 87.93 | 97.82 | OK | |
r-devel-linux-x86_64-debian-gcc | 0.5.0 | 8.52 | 76.61 | 85.13 | OK | |
r-devel-linux-x86_64-fedora-clang | 0.5.0 | 124.37 | NOTE | |||
r-devel-linux-x86_64-fedora-gcc | 0.5.0 | 121.05 | NOTE | |||
r-devel-windows-ix86+x86_64 | 0.5.0 | 23.00 | 116.00 | 139.00 | OK | |
r-patched-linux-x86_64 | 0.5.0 | 8.57 | 92.62 | 101.19 | OK | |
r-patched-solaris-x86 | 0.5.0 | 162.50 | NOTE | |||
r-release-linux-x86_64 | 0.5.0 | 8.82 | 92.75 | 101.57 | OK | |
r-release-windows-ix86+x86_64 | 0.5.0 | 32.00 | 157.00 | 189.00 | OK | |
r-release-osx-x86_64 | 0.5.0 | NOTE | ||||
r-oldrel-windows-ix86+x86_64 | 0.5.0 | 10.00 | 138.00 | 148.00 | OK | |
r-oldrel-osx-x86_64 | 0.5.0 | NOTE |
Version: 0.5.0
Check: dependencies in R code
Result: NOTE
Namespace in Imports field not imported from: ‘ggplot2’
All declared Imports should be used.
Flavors: r-devel-linux-x86_64-fedora-clang, r-devel-linux-x86_64-fedora-gcc, r-patched-solaris-x86, r-release-osx-x86_64, r-oldrel-osx-x86_64