CRAN Package Check Results for Package rclimateca

Last updated on 2018-07-17 01:47:16 CEST.

Flavor Version Tinstall Tcheck Ttotal Status Flags
r-devel-linux-x86_64-debian-clang 1.0.2 4.20 62.10 66.30 OK
r-devel-linux-x86_64-debian-gcc 1.0.2 3.11 54.88 57.99 OK
r-devel-linux-x86_64-fedora-clang 1.0.2 83.65 NOTE
r-devel-linux-x86_64-fedora-gcc 1.0.2 79.21 NOTE
r-devel-windows-ix86+x86_64 1.0.2 11.00 95.00 106.00 OK
r-patched-linux-x86_64 1.0.2 3.46 60.90 64.36 OK
r-patched-solaris-x86 1.0.2 112.10 NOTE
r-release-linux-x86_64 1.0.2 4.62 64.52 69.14 OK
r-release-windows-ix86+x86_64 1.0.2 10.00 115.00 125.00 OK
r-release-osx-x86_64 1.0.2 NOTE
r-oldrel-windows-ix86+x86_64 1.0.2 6.00 131.00 137.00 OK
r-oldrel-osx-x86_64 1.0.2 NOTE

Check Details

Version: 1.0.2
Check: data for non-ASCII characters
Result: NOTE
     Note: found 24 marked UTF-8 strings
Flavors: r-devel-linux-x86_64-fedora-clang, r-devel-linux-x86_64-fedora-gcc, r-patched-solaris-x86, r-release-osx-x86_64, r-oldrel-osx-x86_64