Last updated on 2018-07-17 01:47:17 CEST.
Flavor | Version | Tinstall | Tcheck | Ttotal | Status | Flags |
---|---|---|---|---|---|---|
r-devel-linux-x86_64-debian-clang | 0.2.3 | 1.71 | 21.38 | 23.09 | OK | |
r-devel-linux-x86_64-debian-gcc | 0.2.3 | 1.52 | 19.53 | 21.05 | OK | |
r-devel-linux-x86_64-fedora-clang | 0.2.3 | 31.42 | OK | |||
r-devel-linux-x86_64-fedora-gcc | 0.2.3 | 30.28 | OK | |||
r-devel-windows-ix86+x86_64 | 0.2.3 | 4.00 | 60.00 | 64.00 | OK | |
r-patched-linux-x86_64 | 0.2.3 | 1.67 | 23.60 | 25.27 | OK | |
r-patched-solaris-x86 | 0.2.3 | 47.90 | OK | |||
r-release-linux-x86_64 | 0.2.3 | 1.71 | 23.61 | 25.32 | OK | |
r-release-windows-ix86+x86_64 | 0.2.3 | 4.00 | 58.00 | 62.00 | OK | |
r-release-osx-x86_64 | 0.2.3 | OK | ||||
r-oldrel-windows-ix86+x86_64 | 0.2.3 | 3.00 | 42.00 | 45.00 | OK | |
r-oldrel-osx-x86_64 | 0.2.3 | WARN |
Version: 0.2.3
Check: re-building of vignette outputs
Result: WARN
Error in re-building vignettes:
...
Warning: running command 'kpsewhich framed.sty' had status 1
Warning in test_latex_pkg("framed", system.file("misc", "framed.sty", package = "knitr")) :
unable to find LaTeX package 'framed'; will use a copy from knitr
Error in texi2dvi(file = file, pdf = TRUE, clean = clean, quiet = quiet, :
Running 'texi2dvi' on 'readJDX.tex' failed.
LaTeX errors:
! LaTeX Error: File `titlesec.sty' not found.
Type X to quit or <RETURN> to proceed,
or enter new name. (Default extension: sty)
! Emergency stop.
<read *>
l.68 ^^M
! ==> Fatal error occurred, no output PDF file produced!
Calls: buildVignettes -> texi2pdf -> texi2dvi
Execution halted
Flavor: r-oldrel-osx-x86_64