Last updated on 2018-07-17 01:47:17 CEST.
Flavor | Version | Tinstall | Tcheck | Ttotal | Status | Flags |
---|---|---|---|---|---|---|
r-devel-linux-x86_64-debian-clang | 0.2.2 | 5.55 | 53.26 | 58.81 | OK | |
r-devel-linux-x86_64-debian-gcc | 0.2.2 | 4.44 | 46.20 | 50.64 | OK | |
r-devel-linux-x86_64-fedora-clang | 0.2.2 | 74.67 | NOTE | |||
r-devel-linux-x86_64-fedora-gcc | 0.2.2 | 75.27 | NOTE | |||
r-devel-windows-ix86+x86_64 | 0.2.2 | 17.00 | 100.00 | 117.00 | OK | |
r-patched-linux-x86_64 | 0.2.2 | 4.74 | 51.81 | 56.55 | OK | |
r-patched-solaris-x86 | 0.2.2 | 100.80 | NOTE | |||
r-release-linux-x86_64 | 0.2.2 | 4.50 | 52.45 | 56.95 | OK | |
r-release-windows-ix86+x86_64 | 0.2.2 | 17.00 | 102.00 | 119.00 | OK | |
r-release-osx-x86_64 | 0.2.2 | NOTE | ||||
r-oldrel-windows-ix86+x86_64 | 0.2.2 | 9.00 | 79.00 | 88.00 | OK | |
r-oldrel-osx-x86_64 | 0.2.2 | NOTE |
Version: 0.2.2
Check: dependencies in R code
Result: NOTE
Namespaces in Imports field not imported from:
‘SnowballC’ ‘methods’
All declared Imports should be used.
Flavors: r-devel-linux-x86_64-fedora-clang, r-devel-linux-x86_64-fedora-gcc, r-patched-solaris-x86, r-release-osx-x86_64, r-oldrel-osx-x86_64