CRAN Package Check Results for Package ridge

Last updated on 2018-07-17 01:47:18 CEST.

Flavor Version Tinstall Tcheck Ttotal Status Flags
r-devel-linux-x86_64-debian-clang 2.2 8.17 27.71 35.88 WARN
r-devel-linux-x86_64-debian-gcc 2.2 6.94 26.27 33.21 OK
r-devel-linux-x86_64-fedora-clang 2.2 51.03 WARN
r-devel-linux-x86_64-fedora-gcc 2.2 50.66 OK
r-devel-windows-ix86+x86_64 2.2 38.00 65.00 103.00 OK
r-patched-linux-x86_64 2.2 8.29 32.94 41.23 OK
r-patched-solaris-x86 2.2 92.80 OK
r-release-linux-x86_64 2.2 7.88 32.62 40.50 OK
r-release-windows-ix86+x86_64 2.2 46.00 62.00 108.00 OK
r-release-osx-x86_64 2.2 WARN
r-oldrel-windows-ix86+x86_64 2.2 25.00 60.00 85.00 OK
r-oldrel-osx-x86_64 2.2 OK

Check Details

Version: 2.2
Check: whether package can be installed
Result: WARN
    Found the following significant warnings:
     computePvals.c:488:10: warning: explicitly assigning value of variable of type 'int' to itself [-Wself-assign]
Flavors: r-devel-linux-x86_64-debian-clang, r-devel-linux-x86_64-fedora-clang, r-release-osx-x86_64