Last updated on 2018-07-17 01:47:18 CEST.
Flavor | Version | Tinstall | Tcheck | Ttotal | Status | Flags |
---|---|---|---|---|---|---|
r-devel-linux-x86_64-debian-clang | 1.2.11 | 6.52 | 136.66 | 143.18 | OK | |
r-devel-linux-x86_64-debian-gcc | 1.2.11 | 5.57 | 107.34 | 112.91 | OK | |
r-devel-linux-x86_64-fedora-clang | 1.2.11 | 149.48 | OK | |||
r-devel-linux-x86_64-fedora-gcc | 1.2.11 | 165.07 | OK | |||
r-devel-windows-ix86+x86_64 | 1.2.11 | 19.00 | 108.00 | 127.00 | OK | |
r-patched-linux-x86_64 | 1.2.11 | 7.18 | 126.35 | 133.53 | OK | |
r-patched-solaris-x86 | 1.2.11 | 162.90 | NOTE | |||
r-release-linux-x86_64 | 1.2.11 | 4.55 | 131.73 | 136.28 | OK | |
r-release-windows-ix86+x86_64 | 1.2.11 | 16.00 | 141.00 | 157.00 | OK | |
r-release-osx-x86_64 | 1.2.11 | OK | ||||
r-oldrel-windows-ix86+x86_64 | 1.2.11 | 9.00 | 149.00 | 158.00 | OK | |
r-oldrel-osx-x86_64 | 1.2.11 | OK |
Version: 1.2.11
Check: installed package size
Result: NOTE
installed size is 5.3Mb
sub-directories of 1Mb or more:
java 4.5Mb
Flavor: r-patched-solaris-x86