Last updated on 2018-07-17 01:47:18 CEST.
Flavor | Version | Tinstall | Tcheck | Ttotal | Status | Flags |
---|---|---|---|---|---|---|
r-devel-linux-x86_64-debian-clang | 0.8.2 | 142.58 | 24.15 | 166.73 | NOTE | |
r-devel-linux-x86_64-debian-gcc | 0.8.2 | 135.72 | 21.27 | 156.99 | NOTE | |
r-devel-linux-x86_64-fedora-clang | 0.8.2 | 281.18 | NOTE | |||
r-devel-linux-x86_64-fedora-gcc | 0.8.2 | 277.13 | NOTE | |||
r-devel-windows-ix86+x86_64 | 0.8.2 | 318.00 | 67.00 | 385.00 | OK | |
r-patched-linux-x86_64 | 0.8.2 | 164.49 | 24.40 | 188.89 | NOTE | |
r-patched-solaris-x86 | 0.8.2 | 194.80 | OK | |||
r-release-linux-x86_64 | 0.8.2 | 167.92 | 24.25 | 192.17 | NOTE | |
r-release-windows-ix86+x86_64 | 0.8.2 | 315.00 | 96.00 | 411.00 | OK | |
r-release-osx-x86_64 | 0.8.2 | NOTE | ||||
r-oldrel-windows-ix86+x86_64 | 0.8.2 | 241.00 | 88.00 | 329.00 | OK | |
r-oldrel-osx-x86_64 | 0.8.2 | NOTE |
Version: 0.8.2
Check: compiled code
Result: NOTE
File ‘rncl/libs/rncl.so’:
Found no calls to: ‘R_registerRoutines’, ‘R_useDynamicSymbols’
It is good practice to register native routines and to disable symbol
search.
See ‘Writing portable packages’ in the ‘Writing R Extensions’ manual.
Flavors: r-devel-linux-x86_64-debian-clang, r-devel-linux-x86_64-debian-gcc, r-devel-linux-x86_64-fedora-clang, r-devel-linux-x86_64-fedora-gcc, r-patched-linux-x86_64, r-release-linux-x86_64
Version: 0.8.2
Check: installed package size
Result: NOTE
installed size is 25.6Mb
sub-directories of 1Mb or more:
libs 25.4Mb
Flavors: r-devel-linux-x86_64-fedora-clang, r-release-osx-x86_64, r-oldrel-osx-x86_64