Last updated on 2018-07-17 01:47:19 CEST.
Flavor | Version | Tinstall | Tcheck | Ttotal | Status | Flags |
---|---|---|---|---|---|---|
r-devel-linux-x86_64-debian-clang | 0.2.2 | 2.16 | 21.16 | 23.32 | OK | |
r-devel-linux-x86_64-debian-gcc | 0.2.2 | 1.59 | 18.23 | 19.82 | OK | |
r-devel-linux-x86_64-fedora-clang | 0.2.2 | 28.94 | OK | |||
r-devel-linux-x86_64-fedora-gcc | 0.2.2 | 27.89 | OK | |||
r-devel-windows-ix86+x86_64 | 0.2.2 | 7.00 | 34.00 | 41.00 | OK | |
r-patched-linux-x86_64 | 0.2.2 | 2.56 | 21.28 | 23.84 | OK | |
r-patched-solaris-x86 | 0.2.2 | 41.10 | OK | |||
r-release-linux-x86_64 | 0.2.2 | 2.47 | 21.35 | 23.82 | OK | |
r-release-windows-ix86+x86_64 | 0.2.2 | 5.00 | 47.00 | 52.00 | OK | |
r-release-osx-x86_64 | 0.2.2 | OK | ||||
r-oldrel-windows-ix86+x86_64 | 0.2.2 | 2.00 | 31.00 | 33.00 | OK | |
r-oldrel-osx-x86_64 | 0.2.2 | NOTE |
Version: 0.2.2
Check: package dependencies
Result: NOTE
Package suggested but not available for checking: ‘cartography’
Flavor: r-oldrel-osx-x86_64