CRAN Package Check Results for Package rotations

Last updated on 2018-07-17 01:47:19 CEST.

Flavor Version Tinstall Tcheck Ttotal Status Flags
r-devel-linux-x86_64-debian-clang 1.5 92.40 80.07 172.47 NOTE
r-devel-linux-x86_64-debian-gcc 1.5 78.97 67.73 146.70 NOTE
r-devel-linux-x86_64-fedora-clang 1.5 245.73 NOTE
r-devel-linux-x86_64-fedora-gcc 1.5 240.76 NOTE
r-devel-windows-ix86+x86_64 1.5 244.00 163.00 407.00 NOTE
r-patched-linux-x86_64 1.5 90.15 84.17 174.32 NOTE
r-patched-solaris-x86 1.5 250.90 OK
r-release-linux-x86_64 1.5 92.32 84.11 176.43 NOTE
r-release-windows-ix86+x86_64 1.5 249.00 203.00 452.00 ERROR
r-release-osx-x86_64 1.5 NOTE
r-oldrel-windows-ix86+x86_64 1.5 176.00 203.00 379.00 NOTE
r-oldrel-osx-x86_64 1.5 WARN

Check Details

Version: 1.5
Check: compiled code
Result: NOTE
    File ‘rotations/libs/rotations.so’:
     Found no calls to: ‘R_registerRoutines’, ‘R_useDynamicSymbols’
    
    It is good practice to register native routines and to disable symbol
    search.
    
    See ‘Writing portable packages’ in the ‘Writing R Extensions’ manual.
Flavors: r-devel-linux-x86_64-debian-clang, r-devel-linux-x86_64-debian-gcc, r-devel-linux-x86_64-fedora-clang, r-devel-linux-x86_64-fedora-gcc, r-patched-linux-x86_64, r-release-linux-x86_64

Version: 1.5
Check: installed package size
Result: NOTE
     installed size is 9.3Mb
     sub-directories of 1Mb or more:
     R 1.1Mb
     data 2.3Mb
     libs 5.3Mb
Flavors: r-devel-linux-x86_64-fedora-clang, r-devel-windows-ix86+x86_64, r-release-windows-ix86+x86_64, r-release-osx-x86_64, r-oldrel-windows-ix86+x86_64, r-oldrel-osx-x86_64

Version: 1.5
Check: whether package can be installed
Result: WARN
    Found the following significant warnings:
     Warning: S3 methods '[.fun_list', '[.grouped_df', 'all.equal.tbl_df', 'anti_join.data.frame', 'anti_join.tbl_df', 'arrange.data.frame', 'arrange.default', 'arrange.grouped_df', 'arrange.tbl_df', 'arrange_.data.frame', 'arrange_.tbl_df', 'as.data.frame.grouped_df', 'as.data.frame.rowwise_df', 'as.data.frame.tbl_cube', 'as.data.frame.tbl_df', 'as.table.tbl_cube', 'as.tbl.data.frame', 'as.tbl.tbl', 'as.tbl_cube.array', 'as.tbl_cube.data.frame', 'as.tbl_cube.matrix', 'as.tbl_cube.table', 'as_data_frame.grouped_df', 'as_data_frame.tbl_cube', 'auto_copy.tbl_cube', 'auto_copy.tbl_df', 'cbind.grouped_df', 'collapse.data.frame', 'collect.data.frame', 'common_by.NULL', 'common_by.character', 'common_by.default', 'common_by.list', 'compute.data.frame', 'copy_to.DBIConnection', 'copy_to.src_local', 'default_missing.data.frame', 'default_missing.default', 'dim.tbl_cube', 'distinct.data.frame', 'distinct.default', 'distinct.grouped_df', 'distinct.tbl_df', 'distinct_.data.frame', 'distinct_.grouped_df', 'dist [... truncated]
Flavor: r-release-windows-ix86+x86_64

Version: 1.5
Check: running tests for arch ‘i386’
Result: ERROR
     Running 'test-all.R' [2s]
    Running the tests in 'tests/test-all.R' failed.
    Complete output:
     > library(testthat)
     > test_check("rotations")
     Loading required package: rotations
     Loading required package: ggplot2
     Loading required package: Rcpp
     Loading required package: rgl
    
     Attaching package: 'rotations'
    
     The following object is masked from 'package:stats':
    
     median
    
     -- 1. Failure: (unknown) (@test_basics.R#35) ----------------------------------
     mis.angle(Rs) not equal to abs(rs).
     1/20 mismatches
     [1] 0 - 3.13e-05 == -3.13e-05
    
     -- 2. Failure: (unknown) (@test_basics.R#39) ----------------------------------
     as.SO3(mis.axis(Rs), mis.angle(Rs)) not equal to `Rs`.
     Mean relative difference: 4.043514e-06
    
     == testthat results ===========================================================
     OK: 53 SKIPPED: 0 FAILED: 2
     1. Failure: (unknown) (@test_basics.R#35)
     2. Failure: (unknown) (@test_basics.R#39)
    
     Error: testthat unit tests failed
     Execution halted
Flavor: r-release-windows-ix86+x86_64

Version: 1.5
Check: re-building of vignette outputs
Result: WARN
    Error in re-building vignettes:
     ...
    Warning: running command 'kpsewhich framed.sty' had status 1
    Warning in test_latex_pkg("framed", system.file("misc", "framed.sty", package = "knitr")) :
     unable to find LaTeX package 'framed'; will use a copy from knitr
    Error in texi2dvi(file = file, pdf = TRUE, clean = clean, quiet = quiet, :
     Running 'texi2dvi' on 'rotations-intro.tex' failed.
    LaTeX errors:
    ! LaTeX Error: File `titlesec.sty' not found.
    
    Type X to quit or <RETURN> to proceed,
    or enter new name. (Default extension: sty)
    
    ! Emergency stop.
    <read *>
    
    l.99 \usepackage
     {titletoc}^^M
    ! ==> Fatal error occurred, no output PDF file produced!
    Calls: buildVignettes -> texi2pdf -> texi2dvi
    Execution halted
Flavor: r-oldrel-osx-x86_64