Last updated on 2018-07-17 01:47:19 CEST.
Flavor | Version | Tinstall | Tcheck | Ttotal | Status | Flags |
---|---|---|---|---|---|---|
r-devel-linux-x86_64-debian-clang | 2.17.3 | 467.86 | 284.45 | 752.31 | OK | |
r-devel-linux-x86_64-debian-gcc | 2.17.3 | 531.60 | 256.53 | 788.13 | OK | |
r-devel-linux-x86_64-fedora-clang | 2.17.3 | 1036.61 | NOTE | |||
r-devel-linux-x86_64-fedora-gcc | 2.17.3 | 1284.50 | OK | |||
r-devel-windows-ix86+x86_64 | 2.17.3 | 1513.00 | 363.00 | 1876.00 | NOTE | |
r-patched-linux-x86_64 | 2.17.3 | 624.53 | 329.36 | 953.89 | OK | |
r-patched-solaris-x86 | 2.17.3 | 1269.10 | NOTE | |||
r-release-linux-x86_64 | 2.17.3 | 612.18 | 329.94 | 942.12 | OK | |
r-release-windows-ix86+x86_64 | 2.17.3 | 1530.00 | 450.00 | 1980.00 | NOTE | |
r-release-osx-x86_64 | 2.17.3 | NOTE | ||||
r-oldrel-windows-ix86+x86_64 | 2.17.3 | 1099.00 | 461.00 | 1560.00 | NOTE | |
r-oldrel-osx-x86_64 | 2.17.3 | NOTE |
Version: 2.17.3
Check: installed package size
Result: NOTE
installed size is 250.4Mb
sub-directories of 1Mb or more:
libs 247.7Mb
Flavors: r-devel-linux-x86_64-fedora-clang, r-devel-windows-ix86+x86_64, r-patched-solaris-x86, r-release-windows-ix86+x86_64, r-release-osx-x86_64, r-oldrel-windows-ix86+x86_64, r-oldrel-osx-x86_64