CRAN Package Check Results for Package rticles

Last updated on 2018-07-17 01:47:19 CEST.

Flavor Version Tinstall Tcheck Ttotal Status Flags
r-devel-linux-x86_64-debian-clang 0.5 2.51 26.76 29.27 NOTE
r-devel-linux-x86_64-debian-gcc 0.5 2.11 24.31 26.42 NOTE
r-devel-linux-x86_64-fedora-clang 0.5 36.78 NOTE
r-devel-linux-x86_64-fedora-gcc 0.5 36.81 NOTE
r-devel-windows-ix86+x86_64 0.5 8.00 43.00 51.00 NOTE
r-patched-linux-x86_64 0.5 2.52 27.53 30.05 NOTE
r-patched-solaris-x86 0.5 51.60 NOTE
r-release-linux-x86_64 0.5 2.38 27.17 29.55 NOTE
r-release-windows-ix86+x86_64 0.5 11.00 70.00 81.00 NOTE
r-release-osx-x86_64 0.5 NOTE
r-oldrel-windows-ix86+x86_64 0.5 6.00 40.00 46.00 NOTE
r-oldrel-osx-x86_64 0.5 NOTE

Check Details

Version: 0.5
Check: for GNU extensions in Makefiles
Result: NOTE
    GNU make is a SystemRequirements.
Flavors: r-devel-linux-x86_64-debian-clang, r-devel-linux-x86_64-debian-gcc, r-devel-linux-x86_64-fedora-clang, r-devel-linux-x86_64-fedora-gcc, r-devel-windows-ix86+x86_64, r-patched-linux-x86_64, r-patched-solaris-x86, r-release-linux-x86_64, r-release-windows-ix86+x86_64, r-release-osx-x86_64, r-oldrel-windows-ix86+x86_64, r-oldrel-osx-x86_64