Last updated on 2018-07-17 01:47:19 CEST.
Flavor | Version | Tinstall | Tcheck | Ttotal | Status | Flags |
---|---|---|---|---|---|---|
r-devel-linux-x86_64-debian-clang | 0.6.7 | 8.18 | 45.30 | 53.48 | OK | |
r-devel-linux-x86_64-debian-gcc | 0.6.7 | 7.84 | 41.22 | 49.06 | OK | |
r-devel-linux-x86_64-fedora-clang | 0.6.7 | 69.52 | NOTE | |||
r-devel-linux-x86_64-fedora-gcc | 0.6.7 | 67.26 | NOTE | |||
r-devel-windows-ix86+x86_64 | 0.6.7 | 15.00 | 61.00 | 76.00 | OK | |
r-patched-linux-x86_64 | 0.6.7 | 7.35 | 49.86 | 57.21 | OK | |
r-patched-solaris-x86 | 0.6.7 | 90.90 | NOTE | |||
r-release-linux-x86_64 | 0.6.7 | 8.38 | 48.59 | 56.97 | OK | |
r-release-windows-ix86+x86_64 | 0.6.7 | 17.00 | 88.00 | 105.00 | OK | |
r-release-osx-x86_64 | 0.6.7 | NOTE | ||||
r-oldrel-windows-ix86+x86_64 | 0.6.7 | 7.00 | 65.00 | 72.00 | OK | |
r-oldrel-osx-x86_64 | 0.6.7 | NOTE |
Version: 0.6.7
Check: data for non-ASCII characters
Result: NOTE
Note: found 113868 marked UTF-8 strings
Flavors: r-devel-linux-x86_64-fedora-clang, r-devel-linux-x86_64-fedora-gcc, r-patched-solaris-x86, r-release-osx-x86_64, r-oldrel-osx-x86_64