CRAN Package Check Results for Package safer

Last updated on 2018-07-17 01:47:20 CEST.

Flavor Version Tinstall Tcheck Ttotal Status Flags
r-devel-linux-x86_64-debian-clang 0.2.0 1.18 16.80 17.98 OK
r-devel-linux-x86_64-debian-gcc 0.2.0 0.87 14.75 15.62 OK
r-devel-linux-x86_64-fedora-clang 0.2.0 22.25 OK
r-devel-linux-x86_64-fedora-gcc 0.2.0 20.84 OK
r-devel-windows-ix86+x86_64 0.2.0 3.00 44.00 47.00 OK
r-patched-linux-x86_64 0.2.0 1.31 17.65 18.96 NOTE
r-release-linux-x86_64 0.2.0 1.33 17.22 18.55 NOTE
r-release-windows-ix86+x86_64 0.2.0 4.00 44.00 48.00 OK
r-release-osx-x86_64 0.2.0 OK
r-oldrel-windows-ix86+x86_64 0.2.0 2.00 35.00 37.00 OK
r-oldrel-osx-x86_64 0.2.0 OK

Check Details

Version: 0.2.0
Check: DESCRIPTION meta-information
Result: NOTE
    Dependence on R version ‘3.3.2’ not with patchlevel 0
Flavors: r-patched-linux-x86_64, r-release-linux-x86_64