CRAN Package Check Results for Package sbfc

Last updated on 2018-07-17 01:47:22 CEST.

Flavor Version Tinstall Tcheck Ttotal Status Flags
r-devel-linux-x86_64-debian-clang 1.0.1 37.81 92.32 130.13 NOTE
r-devel-linux-x86_64-debian-gcc 1.0.1 31.38 83.94 115.32 NOTE
r-devel-linux-x86_64-fedora-clang 1.0.1 175.07 NOTE
r-devel-linux-x86_64-fedora-gcc 1.0.1 174.28 NOTE
r-devel-windows-ix86+x86_64 1.0.1 93.00 250.00 343.00 OK
r-patched-linux-x86_64 1.0.1 38.31 92.65 130.96 NOTE
r-patched-solaris-x86 1.0.1 226.80 OK
r-release-linux-x86_64 1.0.1 35.01 94.10 129.11 NOTE
r-release-windows-ix86+x86_64 1.0.1 93.00 221.00 314.00 OK
r-release-osx-x86_64 1.0.1 OK
r-oldrel-windows-ix86+x86_64 1.0.1 64.00 213.00 277.00 OK
r-oldrel-osx-x86_64 1.0.1 OK

Check Details

Version: 1.0.1
Check: compiled code
Result: NOTE
    File ‘sbfc/libs/sbfc.so’:
     Found no calls to: ‘R_registerRoutines’, ‘R_useDynamicSymbols’
    
    It is good practice to register native routines and to disable symbol
    search.
    
    See ‘Writing portable packages’ in the ‘Writing R Extensions’ manual.
Flavors: r-devel-linux-x86_64-debian-clang, r-devel-linux-x86_64-debian-gcc, r-devel-linux-x86_64-fedora-clang, r-devel-linux-x86_64-fedora-gcc, r-patched-linux-x86_64, r-release-linux-x86_64