Last updated on 2018-07-17 01:47:22 CEST.
Flavor | Version | Tinstall | Tcheck | Ttotal | Status | Flags |
---|---|---|---|---|---|---|
r-devel-linux-x86_64-debian-clang | 2.3-2 | 9.60 | 114.31 | 123.91 | OK | |
r-devel-linux-x86_64-debian-gcc | 2.3-2 | 8.79 | 101.92 | 110.71 | OK | |
r-devel-linux-x86_64-fedora-clang | 2.3-2 | 162.53 | OK | |||
r-devel-linux-x86_64-fedora-gcc | 2.3-2 | 157.50 | OK | |||
r-devel-windows-ix86+x86_64 | 2.3-2 | 24.00 | 198.00 | 222.00 | OK | |
r-patched-linux-x86_64 | 2.3-2 | 6.51 | 117.47 | 123.98 | OK | |
r-patched-solaris-x86 | 2.3-2 | 207.20 | NOTE | |||
r-release-linux-x86_64 | 2.3-2 | 7.70 | 118.24 | 125.94 | OK | |
r-release-windows-ix86+x86_64 | 2.3-2 | 24.00 | 186.00 | 210.00 | WARN | |
r-release-osx-x86_64 | 2.3-2 | OK | ||||
r-oldrel-windows-ix86+x86_64 | 2.3-2 | 16.00 | 132.00 | 148.00 | OK | |
r-oldrel-osx-x86_64 | 2.3-2 | OK |
Version: 2.3-2
Check: installed package size
Result: NOTE
installed size is 5.0Mb
sub-directories of 1Mb or more:
doc 1.4Mb
example 2.7Mb
Flavor: r-patched-solaris-x86
Version: 2.3-2
Check: whether package can be installed
Result: WARN
Found the following significant warnings:
Warning: S3 methods '[.fun_list', '[.grouped_df', 'all.equal.tbl_df', 'anti_join.data.frame', 'anti_join.tbl_df', 'arrange.data.frame', 'arrange.default', 'arrange.grouped_df', 'arrange.tbl_df', 'arrange_.data.frame', 'arrange_.tbl_df', 'as.data.frame.grouped_df', 'as.data.frame.rowwise_df', 'as.data.frame.tbl_cube', 'as.data.frame.tbl_df', 'as.table.tbl_cube', 'as.tbl.data.frame', 'as.tbl.tbl', 'as.tbl_cube.array', 'as.tbl_cube.data.frame', 'as.tbl_cube.matrix', 'as.tbl_cube.table', 'as_data_frame.grouped_df', 'as_data_frame.tbl_cube', 'auto_copy.tbl_cube', 'auto_copy.tbl_df', 'cbind.grouped_df', 'collapse.data.frame', 'collect.data.frame', 'common_by.NULL', 'common_by.character', 'common_by.default', 'common_by.list', 'compute.data.frame', 'copy_to.DBIConnection', 'copy_to.src_local', 'default_missing.data.frame', 'default_missing.default', 'dim.tbl_cube', 'distinct.data.frame', 'distinct.default', 'distinct.grouped_df', 'distinct.tbl_df', 'distinct_.data.frame', 'distinct_.grouped_df', 'dist [... truncated]
Flavor: r-release-windows-ix86+x86_64