Last updated on 2018-07-17 01:47:22 CEST.
Flavor | Version | Tinstall | Tcheck | Ttotal | Status | Flags |
---|---|---|---|---|---|---|
r-devel-linux-x86_64-debian-clang | 0.1.1 | 5.14 | 64.76 | 69.90 | OK | |
r-devel-linux-x86_64-debian-gcc | 0.1.1 | 4.86 | 57.90 | 62.76 | OK | |
r-devel-linux-x86_64-fedora-clang | 0.1.1 | 87.64 | OK | |||
r-devel-linux-x86_64-fedora-gcc | 0.1.1 | 85.52 | OK | |||
r-devel-windows-ix86+x86_64 | 0.1.1 | 13.00 | 80.00 | 93.00 | OK | |
r-patched-linux-x86_64 | 0.1.1 | 3.35 | 60.85 | 64.20 | OK | |
r-patched-solaris-x86 | 0.1.1 | 126.20 | OK | |||
r-release-linux-x86_64 | 0.1.1 | 4.46 | 60.55 | 65.01 | OK | |
r-release-windows-ix86+x86_64 | 0.1.1 | 10.00 | 103.00 | 113.00 | OK | |
r-release-osx-x86_64 | 0.1.1 | OK | ||||
r-oldrel-windows-ix86+x86_64 | 0.1.1 | 7.00 | 120.00 | 127.00 | OK | |
r-oldrel-osx-x86_64 | 0.1.1 | NOTE |
Version: 0.1.1
Check: package dependencies
Result: NOTE
Package suggested but not available for checking: ‘rgbif’
Flavor: r-oldrel-osx-x86_64