Last updated on 2018-07-17 01:47:23 CEST.
Flavor | Version | Tinstall | Tcheck | Ttotal | Status | Flags |
---|---|---|---|---|---|---|
r-devel-linux-x86_64-debian-clang | 2.0.15 | 8.05 | 74.22 | 82.27 | NOTE | |
r-devel-linux-x86_64-debian-gcc | 2.0.15 | 5.49 | 62.83 | 68.32 | NOTE | |
r-devel-linux-x86_64-fedora-clang | 2.0.15 | 102.03 | NOTE | |||
r-devel-linux-x86_64-fedora-gcc | 2.0.15 | 99.07 | NOTE | |||
r-devel-windows-ix86+x86_64 | 2.0.15 | 19.00 | 114.00 | 133.00 | OK | |
r-patched-linux-x86_64 | 2.0.15 | 5.93 | 71.23 | 77.16 | NOTE | |
r-patched-solaris-x86 | 2.0.15 | 138.00 | OK | |||
r-release-linux-x86_64 | 2.0.15 | 6.64 | 70.92 | 77.56 | NOTE | |
r-release-windows-ix86+x86_64 | 2.0.15 | 18.00 | 141.00 | 159.00 | OK | |
r-release-osx-x86_64 | 2.0.15 | OK | ||||
r-oldrel-windows-ix86+x86_64 | 2.0.15 | 12.00 | 103.00 | 115.00 | OK | |
r-oldrel-osx-x86_64 | 2.0.15 | OK |
Version: 2.0.15
Check: compiled code
Result: NOTE
File ‘sde/libs/sde.so’:
Found no call to: ‘R_useDynamicSymbols’
It is good practice to register native routines and to disable symbol
search.
See ‘Writing portable packages’ in the ‘Writing R Extensions’ manual.
Flavors: r-devel-linux-x86_64-debian-clang, r-devel-linux-x86_64-debian-gcc, r-devel-linux-x86_64-fedora-clang, r-devel-linux-x86_64-fedora-gcc, r-patched-linux-x86_64, r-release-linux-x86_64