CRAN Package Check Results for Package seewave

Last updated on 2018-07-17 01:47:23 CEST.

Flavor Version Tinstall Tcheck Ttotal Status Flags
r-devel-linux-x86_64-debian-clang 2.1.0 11.07 114.57 125.64 OK
r-devel-linux-x86_64-debian-gcc 2.1.0 9.92 96.98 106.90 OK
r-devel-linux-x86_64-fedora-clang 2.1.0 159.39 OK
r-devel-linux-x86_64-fedora-gcc 2.1.0 159.70 OK
r-devel-windows-ix86+x86_64 2.1.0 27.00 210.00 237.00 NOTE
r-patched-linux-x86_64 2.1.0 9.38 116.87 126.25 OK
r-patched-solaris-x86 2.1.0 199.30 OK
r-release-linux-x86_64 2.1.0 9.99 117.89 127.88 OK
r-release-windows-ix86+x86_64 2.1.0 29.00 250.00 279.00 NOTE
r-release-osx-x86_64 2.1.0 NOTE
r-oldrel-windows-ix86+x86_64 2.1.0 13.00 257.00 270.00 NOTE
r-oldrel-osx-x86_64 2.1.0 NOTE

Additional issues

MKL rchk valgrind

Check Details

Version: 2.1.0
Check: installed package size
Result: NOTE
     installed size is 5.7Mb
     sub-directories of 1Mb or more:
     doc 2.0Mb
     libs 2.5Mb
Flavors: r-devel-windows-ix86+x86_64, r-release-windows-ix86+x86_64, r-release-osx-x86_64, r-oldrel-windows-ix86+x86_64, r-oldrel-osx-x86_64

Version: 2.1.0
Check: package dependencies
Result: NOTE
    Package suggested but not available for checking: ‘rpanel’
Flavor: r-release-osx-x86_64