Last updated on 2018-07-17 01:47:23 CEST.
Flavor | Version | Tinstall | Tcheck | Ttotal | Status | Flags |
---|---|---|---|---|---|---|
r-devel-linux-x86_64-debian-clang | 2013.9-1 | 1.02 | 18.37 | 19.39 | NOTE | |
r-devel-linux-x86_64-debian-gcc | 2013.9-1 | 0.71 | 16.15 | 16.86 | NOTE | |
r-devel-linux-x86_64-fedora-clang | 2013.9-1 | 24.57 | NOTE | |||
r-devel-linux-x86_64-fedora-gcc | 2013.9-1 | 24.93 | NOTE | |||
r-devel-windows-ix86+x86_64 | 2013.9-1 | 4.00 | 32.00 | 36.00 | NOTE | |
r-patched-linux-x86_64 | 2013.9-1 | 0.63 | 19.06 | 19.69 | NOTE | |
r-patched-solaris-x86 | 2013.9-1 | 39.40 | NOTE | |||
r-release-linux-x86_64 | 2013.9-1 | 0.89 | 19.21 | 20.10 | NOTE | |
r-release-windows-ix86+x86_64 | 2013.9-1 | 3.00 | 29.00 | 32.00 | NOTE | |
r-release-osx-x86_64 | 2013.9-1 | NOTE | ||||
r-oldrel-windows-ix86+x86_64 | 2013.9-1 | 2.00 | 29.00 | 31.00 | NOTE | |
r-oldrel-osx-x86_64 | 2013.9-1 | NOTE |
Version: 2013.9-1
Check: R code for possible problems
Result: NOTE
random.number.test: no visible global function definition for ‘runif’
random.number.test: no visible global function definition for ‘rnorm’
setRNG: no visible global function definition for ‘runif’
Undefined global functions or variables:
rnorm runif
Consider adding
importFrom("stats", "rnorm", "runif")
to your NAMESPACE file.
Flavors: r-devel-linux-x86_64-debian-clang, r-devel-linux-x86_64-debian-gcc, r-devel-linux-x86_64-fedora-clang, r-devel-linux-x86_64-fedora-gcc, r-devel-windows-ix86+x86_64, r-patched-linux-x86_64, r-patched-solaris-x86, r-release-linux-x86_64, r-release-windows-ix86+x86_64, r-release-osx-x86_64, r-oldrel-windows-ix86+x86_64, r-oldrel-osx-x86_64